23:10:01.914 T:139694734038784 DEBUG: CAddonSettings[plugin.video.netflix]: loading setting definitions
23:10:01.914 T:139694734038784 DEBUG: CAddonSettings[plugin.video.netflix]: trying to load setting definitions from old format...
23:10:01.916 T:139694734038784 DEBUG: CAddonSettings[plugin.video.netflix]: loading setting values
23:10:01.919 T:139694734038784 DEBUG: CAddonSettings[plugin.video.netflix]: loading setting definitions
23:10:01.919 T:139694734038784 DEBUG: CAddonSettings[plugin.video.netflix]: trying to load setting definitions from old format...
23:10:01.920 T:139694734038784 DEBUG: CAddonSettings[plugin.video.netflix]: loading setting values
23:10:01.922 T:139694734038784 DEBUG: [Netflix] Loading cookies from file
23:10:02.124 T:139694734038784 DEBUG: [Netflix] Cookie expires: 1537550553 / 1511302202
23:10:02.134 T:139694734038784 DEBUG: [Netflix] [GET] Error HTTPSConnectionPool(host='www.netflix.com', port=443): Max retries exceeded with url: /profiles/manage (Caused by NewConnectionError(': Failed to establish a new connection: [Errno -3] Temporary failure in name resolution',))
23:10:02.135 T:139694734038784 DEBUG: CAddonSettings[plugin.video.netflix]: loading setting definitions
23:10:02.135 T:139694734038784 DEBUG: CAddonSettings[plugin.video.netflix]: trying to load setting definitions from old format...
23:10:02.136 T:139694734038784 DEBUG: CAddonSettings[plugin.video.netflix]: loading setting values
23:10:02.138 T:139694734038784 DEBUG: CAddonSettings[plugin.video.netflix]: loading setting definitions
23:10:02.138 T:139694734038784 DEBUG: CAddonSettings[plugin.video.netflix]: trying to load setting definitions from old format...
23:10:02.139 T:139694734038784 DEBUG: CAddonSettings[plugin.video.netflix]: loading setting values
23:10:02.140 T:139694734038784 DEBUG: CSettingsManager: requested setting (logging) was not found.
23:10:02.181 T:139695796979456 INFO: Python script stopped
23:10:02.181 T:139695796979456 DEBUG: Thread LanguageInvoker 139695796979456 terminating
23:10:02.195 T:139694742431488 DEBUG: CAddonSettings[script.advanced.wol]: loading setting definitions
23:10:02.195 T:139694742431488 DEBUG: CAddonSettings[script.advanced.wol]: trying to load setting definitions from old format...
23:10:02.196 T:139694742431488 DEBUG: CAddonSettings[script.advanced.wol]: loading setting values
23:10:02.196 T:139694742431488 INFO: CPythonInvoker(5, /storage/.kodi/addons/script.advanced.wol/autostart.py): script successfully run
23:10:02.206 T:139694725646080 DEBUG: CPythonInvoker(7, /storage/.kodi/addons/service.sleeptimer/service.py): setting the Python path to /storage/.kodi/addons/service.sleeptimer:/usr/lib/python27.zip:/usr/lib/python2.7:/usr/lib/python2.7/plat-linux2:/usr/lib/python2.7/lib-tk:/usr/lib/python2.7/lib-old:/usr/lib/python2.7/lib-dynload:/usr/lib/python2.7/site-packages:/usr/lib/python2.7/site-packages/gtk-2.0
23:10:02.206 T:139694725646080 DEBUG: CPythonInvoker(7, /storage/.kodi/addons/service.sleeptimer/service.py): entering source directory /storage/.kodi/addons/service.sleeptimer
23:10:02.207 T:139693870016256 DEBUG: -->Python Interpreter Initialized<--
23:10:02.207 T:139693870016256 DEBUG: CPythonInvoker(8, /storage/.kodi/addons/weather.yahoo/default.py): the source file to load is "/storage/.kodi/addons/weather.yahoo/default.py"
23:10:02.207 T:139694725646080 DEBUG: CPythonInvoker(7, /storage/.kodi/addons/service.sleeptimer/service.py): instantiating addon using automatically obtained id of "service.sleeptimer" dependent on version 2.19.0 of the xbmc.python api
23:10:02.314 T:139694742431488 INFO: Python script stopped
23:10:02.314 T:139694742431488 DEBUG: Thread LanguageInvoker 139694742431488 terminating
23:10:02.318 T:139694750824192 DEBUG: -->Python Interpreter Initialized<--
23:10:02.318 T:139694750824192 DEBUG: CPythonInvoker(4, /storage/.kodi/addons/script.cu.lrclyrics/default.py): the source file to load is "/storage/.kodi/addons/script.cu.lrclyrics/default.py"
23:10:02.405 T:139695788586752 DEBUG: CAddonSettings[script.common.plugin.cache]: loading setting definitions
23:10:02.405 T:139695788586752 DEBUG: CAddonSettings[script.common.plugin.cache]: trying to load setting definitions from old format...
23:10:02.406 T:139694750824192 DEBUG: CPythonInvoker(4, /storage/.kodi/addons/script.cu.lrclyrics/default.py): setting the Python path to /storage/.kodi/addons/script.cu.lrclyrics:/storage/.kodi/addons/script.module.beautifulsoup4/lib:/storage/.kodi/addons/script.module.chardet/lib:/usr/lib/python27.zip:/usr/lib/python2.7:/usr/lib/python2.7/plat-linux2:/usr/lib/python2.7/lib-tk:/usr/lib/python2.7/lib-old:/usr/lib/python2.7/lib-dynload:/usr/lib/python2.7/site-packages:/usr/lib/python2.7/site-packages/gtk-2.0
23:10:02.406 T:139694750824192 DEBUG: CPythonInvoker(4, /storage/.kodi/addons/script.cu.lrclyrics/default.py): entering source directory /storage/.kodi/addons/script.cu.lrclyrics
23:10:02.406 T:139694750824192 DEBUG: CPythonInvoker(4, /storage/.kodi/addons/script.cu.lrclyrics/default.py): instantiating addon using automatically obtained id of "script.cu.lrclyrics" dependent on version 2.25.0 of the xbmc.python api
23:10:02.407 T:139693870016256 DEBUG: CPythonInvoker(8, /storage/.kodi/addons/weather.yahoo/default.py): setting the Python path to /storage/.kodi/addons/weather.yahoo:/usr/lib/python27.zip:/usr/lib/python2.7:/usr/lib/python2.7/plat-linux2:/usr/lib/python2.7/lib-tk:/usr/lib/python2.7/lib-old:/usr/lib/python2.7/lib-dynload:/usr/lib/python2.7/site-packages:/usr/lib/python2.7/site-packages/gtk-2.0
23:10:02.407 T:139693870016256 DEBUG: CPythonInvoker(8, /storage/.kodi/addons/weather.yahoo/default.py): entering source directory /storage/.kodi/addons/weather.yahoo
23:10:02.409 T:139693870016256 DEBUG: CPythonInvoker(8, /storage/.kodi/addons/weather.yahoo/default.py): instantiating addon using automatically obtained id of "weather.yahoo" dependent on version 2.25.0 of the xbmc.python api
23:10:02.414 T:139695788586752 DEBUG: StorageServer Module loaded RUN
23:10:02.414 T:139695788586752 DEBUG: StorageClient-2.5.4 Starting server
23:10:02.418 T:139694725646080 DEBUG: CAddonSettings[service.sleeptimer]: loading setting definitions
23:10:02.418 T:139694725646080 DEBUG: CAddonSettings[service.sleeptimer]: trying to load setting definitions from old format...
23:10:02.419 T:139694725646080 DEBUG: service.sleeptimer: started ... (2.0.5)
23:10:02.431 T:139695780194048 DEBUG: CAddonSettings[plugin.video.cdapl]: loading setting definitions
23:10:02.431 T:139695780194048 DEBUG: CAddonSettings[plugin.video.cdapl]: trying to load setting definitions from old format...
23:10:02.432 T:139695780194048 DEBUG: CAddonSettings[plugin.video.cdapl]: loading setting values
23:10:02.433 T:139695780194048 DEBUG: CSettingsManager: requested setting (cod) was not found.
23:10:02.433 T:139695780194048 DEBUG: CAddonSettings[plugin.video.cdapl]: failed to find definition for setting cod. Creating a setting on-the-fly...
23:10:02.433 T:139695780194048 DEBUG: CSettingsManager: requested setting (kod) was not found.
23:10:02.433 T:139695780194048 DEBUG: CAddonSettings[plugin.video.cdapl]: failed to find definition for setting kod. Creating a setting on-the-fly...
23:10:02.433 T:139695780194048 DEBUG: [CDA.PL Service]: Is not running
23:10:02.433 T:139695780194048 INFO: CPythonInvoker(3, /storage/.kodi/addons/plugin.video.cdapl/check.py): script successfully run
23:10:02.436 T:139695780194048 INFO: Python script stopped
23:10:02.442 T:139695780194048 DEBUG: Thread LanguageInvoker 139695780194048 terminating
23:10:02.853 T:139694750824192 DEBUG: CAddonSettings[script.cu.lrclyrics]: loading setting definitions
23:10:02.853 T:139694750824192 DEBUG: CAddonSettings[script.cu.lrclyrics]: trying to load setting definitions from old format...
23:10:02.854 T:139694750824192 DEBUG: CAddonSettings[script.cu.lrclyrics]: loading setting values
23:10:02.936 T:139693870016256 DEBUG: weather.yahoo: version 4.3.1 started: ['/storage/.kodi/addons/weather.yahoo/default.py', '1']
23:10:02.946 T:139693870016256 DEBUG: CAddonSettings[weather.yahoo]: loading setting definitions
23:10:02.946 T:139693870016256 DEBUG: CAddonSettings[weather.yahoo]: trying to load setting definitions from old format...
23:10:02.947 T:139693870016256 DEBUG: CAddonSettings[weather.yahoo]: loading setting values
23:10:02.947 T:139693870016256 DEBUG: weather.yahoo: weather location: 528792
23:10:02.991 T:139695817348864 ERROR: ## LibreELEC Addon ## oe::load_url(http://releases.libreelec.tv/releases.json) ## ERROR: (URLError(gaierror(-3, 'Temporary failure in name resolution'),))
23:10:02.992 T:139695817348864 ERROR: Traceback (most recent call last): File "/home/neil/projects/LibreELEC.tv/build.LibreELEC-Generic.x86_64-9.0-devel/LibreELEC-settings-85b86d4/.install_pkg/usr/share/kodi/addons/service.libreelec.settings/oe.py", line 271, in load_url
File "/usr/lib/python2.7/urllib2.py", line 154, in urlopen
File "/usr/lib/python2.7/urllib2.py", line 429, in open
File "/usr/lib/python2.7/urllib2.py", line 447, in _open
File "/usr/lib/python2.7/urllib2.py", line 407, in _call_chain
File "/usr/lib/python2.7/urllib2.py", line 1228, in http_open
File "/usr/lib/python2.7/urllib2.py", line 1198, in do_open URLError:
23:10:02.993 T:139695817348864 INFO: ## LibreELEC Addon ## system::set_hostname ## TV-Player
23:10:02.993 T:139695817348864 INFO: ## LibreELEC Addon ## system::set_keyboard_layout ## pl,us -model pc105
23:10:03.065 T:139695817348864 INFO: ## LibreELEC Addon ## system::updateThread ## Started
23:10:03.065 T:139695817348864 INFO: ## LibreELEC Addon ## system::set_auto_update ## auto
23:10:03.079 T:139695780194048 ERROR: ## LibreELEC Addon ## oe::load_url(https://update.libreelec.tv/updates.php?i=62e2920557cf56e1cacd292f45e3b91c&d=LibreELEC&pa=Generic.x86_64&v=devel-20171119210325-#1119-g26c5fad&l=1 ) ## ERROR: (URLError(gaierror(-3, 'Temporary failure in name resolution'),))
23:10:03.079 T:139695780194048 ERROR: Traceback (most recent call last): File "/home/neil/projects/LibreELEC.tv/build.LibreELEC-Generic.x86_64-9.0-devel/LibreELEC-settings-85b86d4/.install_pkg/usr/share/kodi/addons/service.libreelec.settings/oe.py", line 271, in load_url
File "/usr/lib/python2.7/urllib2.py", line 154, in urlopen
File "/usr/lib/python2.7/urllib2.py", line 429, in open
File "/usr/lib/python2.7/urllib2.py", line 447, in _open
File "/usr/lib/python2.7/urllib2.py", line 407, in _call_chain
File "/usr/lib/python2.7/urllib2.py", line 1241, in https_open
File "/usr/lib/python2.7/urllib2.py", line 1198, in do_open URLError:
23:10:03.080 T:139695780194048 ERROR: ## LibreELEC Addon ## system::check_updates_v2 ## ERROR: (TypeError('expected string or buffer',))
23:10:03.080 T:139695780194048 ERROR: Traceback (most recent call last): File "/home/neil/projects/LibreELEC.tv/build.LibreELEC-Generic.x86_64-9.0-devel/LibreELEC-settings-85b86d4/.install_pkg/usr/share/kodi/addons/service.libreelec.settings/resources/lib/modules/system.py", line 768, in check_updates_v2
File "/usr/lib/python2.7/json/__init__.py", line 339, in loads
File "/usr/lib/python2.7/json/decoder.py", line 364, in decode TypeError: expected string or buffer
23:10:03.091 T:139695796979456 INFO: ## LibreELEC Addon ## _service_::run ## WAITING:
23:10:03.098 T:139694742431488 INFO: ## LibreELEC Addon ## xdbus Monitor started. ##
23:10:04.847 T:139695950391040 NOTICE: WakeOnAccess success exit, server already running
23:10:05.648 T:139694734038784 DEBUG: CAddonSettings[plugin.video.netflix]: loading setting definitions
23:10:05.648 T:139694734038784 DEBUG: CAddonSettings[plugin.video.netflix]: trying to load setting definitions from old format...
23:10:05.650 T:139694734038784 DEBUG: CAddonSettings[plugin.video.netflix]: loading setting values
23:10:05.653 T:139694734038784 DEBUG: CAddonSettings[plugin.video.netflix]: loading setting definitions
23:10:05.653 T:139694734038784 DEBUG: CAddonSettings[plugin.video.netflix]: trying to load setting definitions from old format...
23:10:05.654 T:139694734038784 DEBUG: CAddonSettings[plugin.video.netflix]: loading setting values
23:10:05.655 T:139694734038784 DEBUG: [Netflix] [MSL] Picked Port: 51059
23:10:05.656 T:139694734038784 DEBUG: CAddonSettings[plugin.video.netflix]: loading setting definitions
23:10:05.656 T:139694734038784 DEBUG: CAddonSettings[plugin.video.netflix]: trying to load setting definitions from old format...
23:10:05.657 T:139694734038784 DEBUG: CAddonSettings[plugin.video.netflix]: loading setting values
23:10:05.852 T:139694734038784 DEBUG: CAddonSettings[plugin.video.netflix]: loading setting definitions
23:10:05.852 T:139694734038784 DEBUG: CAddonSettings[plugin.video.netflix]: trying to load setting definitions from old format...
23:10:05.854 T:139694734038784 DEBUG: CAddonSettings[plugin.video.netflix]: loading setting values
23:10:05.854 T:139694734038784 DEBUG: [Netflix] [NS] Picked Port: 44483
23:10:13.483 T:139693870016256 DEBUG: weather.yahoo: weather download failed
23:10:14.148 T:139693870016256 DEBUG: weather.yahoo: forecast data: {"query":{"count":1,"created":"2017-11-21T22:10:14Z","lang":"en-US","results":{"channel":{"units":{"distance":"km","pressure":"mb","speed":"km/h","temperature":"C"},"title":"Yahoo! Weather - Zgorzelec, Lower Silesia, PL","link":"http://us.rd.yahoo.com/dailynews/rss/weather/Country__Country/*https://weather.yahoo.com/country/state/city-528792/","description":"Yahoo! Weather for Zgorzelec, Lower Silesia, PL","language":"en-us","lastBuildDate":"Tue, 21 Nov 2017 11:10 PM CET","ttl":"60","location":{"city":"Zgorzelec","country":"Poland","region":" Lower Silesia"},"wind":{"chill":"41","direction":"190","speed":"11.27"},"atmosphere":{"humidity":"97","pressure":"33288.21","rising":"0","visibility":"12.39"},"astronomy":{"sunrise":"7:27 am","sunset":"4:4 pm"},"image":{"title":"Yahoo! Weather","width":"142","height":"18","link":"http://weather.yahoo.com","url":"http://l.yimg.com/a/i/brand/purplelogo//uh/us/news-wea.gif"},"item":{"title":"Conditions for Zgorzelec, Lower Silesia, PL at 10:00 PM CET","lat":"51.157848","long":"15.04337","link":"http://us.rd.yahoo.com/dailynews/rss/weather/Country__Country/*https://weather.yahoo.com/country/state/city-528792/","pubDate":"Tue, 21 Nov 2017 10:00 PM CET","condition":{"code":"11","date":"Tue, 21 Nov 2017 10:00 PM CET","temp":"6","text":"Showers"},"forecast":[{"code":"5","date":"21 Nov 2017","day":"Tue","high":"6","low":"1","text":"Rain And Snow"},{"code":"11","date":"22 Nov 2017","day":"Wed","high":"7","low":"6","text":"Showers"},{"code":"23","date":"23 Nov 2017","day":"Thu","high":"9","low":"5","text":"Breezy"},{"code":"28","date":"24 Nov 2017","day":"Fri","high":"10","low":"5","text":"Mostly Cloudy"},{"code":"5","date":"25 Nov 2017","day":"Sat","high":"8","low":"3","text":"Rain And Snow"},{"code":"30","date":"26 Nov 2017","day":"Sun","high":"3","low":"2","text":"Partly Cloudy"},{"code":"28","date":"27 Nov 2017","day":"Mon","high":"4","low":"0","text":"Mostly Cloudy"},{"code":"28","date":"28 Nov 2017","day":"Tue","high":"3","low":"0","text":"Mostly Cloudy"},{"code":"28","date":"29 Nov 2017","day":"Wed","high":"3","low":"1","text":"Mostly Cloudy"},{"code":"28","date":"30 Nov 2017","day":"Thu","high":"2","low":"0","text":"Mostly Cloudy"}],"description":"\n
\nCurrent Conditions:\n
Showers\n
\n
\nForecast:\n
Tue - Rain And Snow. High: 6Low: 1\n
Wed - Showers. High: 7Low: 6\n
Thu - Breezy. High: 9Low: 5\n
Fri - Mostly Cloudy. High: 10Low: 5\n
Sat - Rain And Snow. High: 8Low: 3\n
\n
\nFull Forecast at Yahoo! Weather\n
\n
\n
\n]]>","guid":{"isPermaLink":"false"}}}}}}
23:10:14.154 T:139693870016256 DEBUG: weather.yahoo: available locations: 1
23:10:14.154 T:139693870016256 DEBUG: weather.yahoo: finished
23:10:14.155 T:139693870016256 INFO: CPythonInvoker(8, /storage/.kodi/addons/weather.yahoo/default.py): script successfully run
23:10:14.226 T:139693870016256 INFO: Python script stopped
23:10:14.226 T:139693870016256 DEBUG: Thread LanguageInvoker 139693870016256 terminating
23:10:14.298 T:139695771391744 DEBUG: POParser: loaded 130 weather tokens
23:10:25.275 T:139696041277568 INFO: CheckIdle - Closing session to http://image.tmdb.org (easy=0x7f0cfc02ab40, multi=(nil))
23:10:25.275 T:139696041277568 INFO: CheckIdle - Closing session to http://image.tmdb.org (easy=0x7f0d481fa140, multi=(nil))
23:10:26.403 T:139695220586240 DEBUG: Thread JobWorker 139695220586240 terminating (autodelete)
23:10:26.427 T:139694239110912 DEBUG: Thread JobWorker 139694239110912 terminating (autodelete)
23:10:34.881 T:139695950391040 DEBUG: Thread JobWorker 139695950391040 terminating (autodelete)
23:10:44.299 T:139695771391744 DEBUG: Thread JobWorker 139695771391744 terminating (autodelete)
23:11:38.380 T:139696041277568 NOTICE: Samba is idle. Closing the remaining connections
23:15:55.128 T:139696041277568 DEBUG: LIRC: Update - NEW at 362132:6c 0 KEY_DOWN devinput (KEY_DOWN)
23:15:55.128 T:139696041277568 DEBUG: HandleKey: 167 (0xa7, obc88) pressed, action is Down
23:15:55.129 T:139695933605632 INFO: CActiveAESink::OpenSink - initialize sink
23:15:55.129 T:139695933605632 DEBUG: CActiveAESink::OpenSink - trying to open device ALSA:hdmi:CARD=PCH,DEV=0
23:15:55.129 T:139695933605632 INFO: CAESinkALSA::Initialize - Attempting to open device "hdmi:CARD=PCH,DEV=0"
23:15:55.135 T:139695933605632 INFO: CAESinkALSA::Initialize - Opened device "hdmi:CARD=PCH,DEV=0,AES0=0x04,AES1=0x82,AES2=0x00,AES3=0x00"
23:15:55.136 T:139695933605632 INFO: CAESinkALSA::InitializeHW - Your hardware does not support AE_FMT_FLOAT, trying other formats
23:15:55.136 T:139695933605632 INFO: CAESinkALSA::InitializeHW - Using data format AE_FMT_S32NE
23:15:55.136 T:139695933605632 DEBUG: CAESinkALSA::InitializeHW - Request: periodSize 2205, bufferSize 8820
23:15:55.137 T:139695771391744 DEBUG: Thread JobWorker start, auto delete: true
23:15:55.147 T:139695933605632 DEBUG: Previous line repeats 3 times.
23:15:55.147 T:139695933605632 DEBUG: CAESinkALSA::InitializeHW - Got: periodSize 2205, bufferSize 8820
23:15:55.147 T:139695933605632 DEBUG: CAESinkALSA::InitializeHW - Setting timeout to 200 ms
23:15:55.148 T:139695933605632 DEBUG: CAESinkALSA::GetChannelLayout - Input Channel Count: 2 Output Channel Count: 2
23:15:55.148 T:139695933605632 DEBUG: CAESinkALSA::GetChannelLayout - Requested Layout: FL, FR
23:15:55.148 T:139695933605632 DEBUG: CAESinkALSA::GetChannelLayout - Got Layout: FL, FR (ALSA: FL FR)
23:15:55.148 T:139695933605632 DEBUG: CActiveAESink::OpenSink - ALSA Initialized:
23:15:55.148 T:139695933605632 DEBUG: Output Device : HDA Intel PCH
23:15:55.148 T:139695933605632 DEBUG: Sample Rate : 44100
23:15:55.148 T:139695933605632 DEBUG: Sample Format : AE_FMT_S32NE
23:15:55.148 T:139695933605632 DEBUG: Channel Count : 2
23:15:55.148 T:139695933605632 DEBUG: Channel Layout: FL, FR
23:15:55.148 T:139695933605632 DEBUG: Frames : 2205
23:15:55.148 T:139695933605632 DEBUG: Frame Size : 8
23:15:55.352 T:139695220586240 DEBUG: DoWork - took 213 ms to load special://masterprofile/Thumbnails/8/85fba852.jpg
23:15:55.355 T:139694239110912 DEBUG: DoWork - took 216 ms to load special://masterprofile/Thumbnails/b/bc5cc959.jpg
23:15:55.356 T:139695950391040 DEBUG: DoWork - took 218 ms to load special://masterprofile/Thumbnails/2/2852bd56.jpg
23:15:55.358 T:139695771391744 DEBUG: DoWork - took 220 ms to load special://masterprofile/Thumbnails/5/54fa5712.jpg
23:15:55.358 T:139695771391744 NOTICE: WakeOnAccess [192.168.9.5] trigged by accessing : smb://192.168.9.5:445/Muzyka/ambient/Deep blue (2005).mp3
23:15:55.367 T:139695950391040 NOTICE: WakeOnAccess [192.168.9.5] trigged by accessing : smb://192.168.9.5:445/Muzyka/Thievery Corporation Discography/Thievery Corporation - Covert Operations/01 Sex Elevator Music (Thievery Corp.mp3
23:15:55.371 T:139695771391744 NOTICE: WakeOnAccess success exit, server already running
23:15:55.400 T:139695771391744 NOTICE: Previous line repeats 1 times.
23:15:55.400 T:139695771391744 DEBUG: CSMBFile::Open - opened smb://192.168.9.5:445/Muzyka/ambient/Deep blue (2005).mp3, fd=10000
23:15:55.400 T:139694239110912 DEBUG: CSMBFile::Open - opened smb://192.168.9.5:445/Muzyka/Bjork/1 - Debut/Folder.jpg, fd=10001
23:15:55.401 T:139695950391040 DEBUG: CSMBFile::Open - opened smb://192.168.9.5:445/Muzyka/Thievery Corporation Discography/Thievery Corporation - Covert Operations/01 Sex Elevator Music (Thievery Corp.mp3, fd=10002
23:15:55.441 T:139694239110912 DEBUG: CSMBFile::Close closing fd 10001
23:15:55.454 T:139694239110912 DEBUG: Caching image 'smb://192.168.9.5:445/Muzyka/Bjork/1 - Debut/Folder.jpg' to '8/8d73de97.jpg':
23:15:55.454 T:139694239110912 DEBUG: cached image 'special://masterprofile/Thumbnails/8/8d73de97.jpg' size 200x200
23:15:55.484 T:139695771391744 DEBUG: unrecognized ID3 frame detected: TDEN
23:15:55.484 T:139695771391744 DEBUG: unrecognized ID3 frame detected: TDOR
23:15:55.484 T:139695771391744 DEBUG: unrecognized ID3 frame detected: TLEN
23:15:55.484 T:139695771391744 DEBUG: unrecognized ID3 frame detected: TOFN
23:15:55.484 T:139695771391744 DEBUG: unrecognized ID3 frame detected: WCOM
23:15:55.484 T:139695771391744 DEBUG: unrecognized ID3 frame detected: WCOP
23:15:55.484 T:139695771391744 DEBUG: unrecognized ID3 frame detected: WOAF
23:15:55.484 T:139695771391744 DEBUG: unrecognized ID3 frame detected: WOAR
23:15:55.484 T:139695771391744 DEBUG: unrecognized ID3 frame detected: WOAS
23:15:55.484 T:139695771391744 DEBUG: unrecognized ID3 frame detected: WORS
23:15:55.484 T:139695771391744 DEBUG: unrecognized ID3 frame detected: WPAY
23:15:55.484 T:139695771391744 DEBUG: unrecognized ID3 frame detected: WPUB
23:15:55.484 T:139695771391744 DEBUG: CSMBFile::Close closing fd 10000
23:15:55.491 T:139695950391040 DEBUG: unrecognized ID3 frame detected: PRIV
23:15:55.491 T:139695950391040 DEBUG: CSMBFile::Close closing fd 10002
23:15:55.500 T:139695950391040 ERROR: Could not find suitable input format: JPG
23:15:55.501 T:139695771391744 DEBUG: Caching image 'smb://192.168.9.5:445/Muzyka/ambient/Deep blue (2005).mp3' to '5/57d925fd.jpg':
23:15:55.501 T:139695771391744 DEBUG: cached image 'special://masterprofile/Thumbnails/5/57d925fd.jpg' size 400x400
23:15:58.489 T:139696041277568 DEBUG: LIRC: Update - NEW at 365493:6c 0 KEY_DOWN devinput (KEY_DOWN)
23:15:58.490 T:139696041277568 DEBUG: HandleKey: 167 (0xa7, obc88) pressed, action is Down
23:15:58.697 T:139695220586240 DEBUG: DoWork - took 204 ms to load special://masterprofile/Thumbnails/8/831c0df5.png
23:15:58.697 T:139694239110912 DEBUG: DoWork - took 204 ms to load special://masterprofile/Thumbnails/7/74a658dd.jpg
23:15:58.699 T:139695771391744 DEBUG: DoWork - took 205 ms to load special://masterprofile/Thumbnails/f/fa3e1592.jpg
23:15:58.699 T:139695950391040 DEBUG: DoWork - took 206 ms to load special://masterprofile/Thumbnails/e/e873b9e1.jpg
23:15:59.814 T:139696041277568 DEBUG: LIRC: Update - NEW at 366818:6c 0 KEY_DOWN devinput (KEY_DOWN)
23:15:59.815 T:139696041277568 DEBUG: HandleKey: 167 (0xa7, obc88) pressed, action is Down
23:16:09.546 T:139696041277568 DEBUG: LIRC: Update - NEW at 376550:6c 0 KEY_DOWN devinput (KEY_DOWN)
23:16:09.546 T:139696041277568 DEBUG: HandleKey: 167 (0xa7, obc88) pressed, action is Down
23:16:09.752 T:139694239110912 DEBUG: DoWork - took 204 ms to load special://masterprofile/Thumbnails/7/7e14a3e6.jpg
23:16:09.753 T:139695220586240 DEBUG: DoWork - took 204 ms to load special://masterprofile/Thumbnails/1/130e7b63.jpg
23:16:09.753 T:139695950391040 DEBUG: DoWork - took 204 ms to load special://masterprofile/Thumbnails/9/98dd198f.png
23:16:10.911 T:139696041277568 DEBUG: LIRC: Update - NEW at 377915:6c 0 KEY_DOWN devinput (KEY_DOWN)
23:16:10.911 T:139696041277568 DEBUG: HandleKey: 167 (0xa7, obc88) pressed, action is Down
23:16:10.916 T:139694239110912 ERROR: DoWork - Direct texture file loading failed for resource://resource.images.weathericons.default/
23:16:12.622 T:139696041277568 DEBUG: LIRC: Update - NEW at 379626:6c 0 KEY_DOWN devinput (KEY_DOWN)
23:16:12.622 T:139696041277568 DEBUG: HandleKey: 167 (0xa7, obc88) pressed, action is Down
23:16:17.254 T:139696041277568 DEBUG: LIRC: Update - NEW at 384258:1c 0 KEY_ENTER devinput (KEY_ENTER)
23:16:17.254 T:139696041277568 DEBUG: HandleKey: 11 (0x0b, obc244) pressed, action is Select
23:16:17.254 T:139696041277568 DEBUG: Activating window ID: 10111
23:16:17.254 T:139696041277568 DEBUG: ------ Window Init (DialogButtonMenu.xml) ------
23:16:17.254 T:139696041277568 INFO: Loading skin file: DialogButtonMenu.xml, load type: KEEP_IN_MEMORY
23:16:20.964 T:139696041277568 DEBUG: LIRC: Update - NEW at 387968:6c 0 KEY_DOWN devinput (KEY_DOWN)
23:16:20.964 T:139696041277568 DEBUG: HandleKey: 167 (0xa7, obc88) pressed, action is Down
23:16:22.051 T:139696041277568 DEBUG: LIRC: Update - NEW at 389055:6c 0 KEY_DOWN devinput (KEY_DOWN)
23:16:22.051 T:139696041277568 DEBUG: HandleKey: 167 (0xa7, obc88) pressed, action is Down
23:16:22.953 T:139696041277568 DEBUG: LIRC: Update - NEW at 389957:1c 0 KEY_ENTER devinput (KEY_ENTER)
23:16:22.953 T:139696041277568 DEBUG: HandleKey: 11 (0x0b, obc244) pressed, action is Select
23:16:23.125 T:139696041277568 DEBUG: LogindUPowerSyscall: Received PrepareForSleep with arg 1
23:16:23.125 T:139696041277568 DEBUG: ------ Window Init (DialogBusy.xml) ------
23:16:23.125 T:139696041273088 DEBUG: CAnnouncementManager - Announcement: OnSleep from xbmc
23:16:23.125 T:139696041277568 NOTICE: OnSleep: Running sleep jobs
23:16:23.125 T:139696041273088 DEBUG: GOT ANNOUNCEMENT, type: 8, from xbmc, message OnSleep
23:16:23.125 T:139696041277568 NOTICE: OnSleep: Stopping lirc
23:16:23.126 T:139696041277568 INFO: LIRC SetEnabled: disabled
23:16:23.126 T:139696041277568 DEBUG: CApplication::CloseNetworkShares: Closing all network shares
23:16:23.127 T:139696041277568 DEBUG: LogindUPowerSyscall - delay lock released
23:16:23.189 T:139696041277568 INFO: LIRC SetEnabled: disabled
23:39:34.656 T:139694281062144 NOTICE: ES: Client from ::ffff:127.0.0.1 timed out
23:39:34.904 T:139695958783744 DEBUG: CALSAHControlMonitor - Monitored ALSA hctl value changed
23:39:34.969 T:139696041277568 DEBUG: Previous line repeats 1 times.
23:39:34.969 T:139696041277568 ERROR: Keymapping error: no such action 'lirc.start' defined
23:39:34.970 T:139696041277568 DEBUG: NotifyXRREvent - notify display reset event
23:39:34.986 T:139695958783744 DEBUG: CALSAHControlMonitor - Monitored ALSA hctl value changed
23:39:35.073 T:139696041277568 DEBUG: Previous line repeats 1 times.
23:39:35.073 T:139696041277568 INFO: Available videomodes (xrandr):
23:39:35.073 T:139696041277568 INFO: Output 'HDMI1' has 23 modes
23:39:35.073 T:139696041277568 INFO: ID:0x4a Name:1280x720 Refresh:50.000000 Width:1280 Height:720
23:39:35.073 T:139696041277568 INFO: Pixel Ratio: 0.984375
23:39:35.073 T:139696041277568 INFO: ID:0x136 Name:1280x720 Refresh:60.000000 Width:1280 Height:720
23:39:35.073 T:139696041277568 INFO: Pixel Ratio: 0.984375
23:39:35.073 T:139696041277568 INFO: ID:0x137 Name:1280x720 Refresh:59.940201 Width:1280 Height:720
23:39:35.073 T:139696041277568 INFO: Pixel Ratio: 0.984375
23:39:35.073 T:139696041277568 INFO: ID:0x133 Name:1920x1080i Refresh:30.000000 Width:1920 Height:1080
23:39:35.073 T:139696041277568 INFO: Pixel Ratio: 0.984375
23:39:35.073 T:139696041277568 INFO: ID:0x134 Name:1920x1080i Refresh:25.000000 Width:1920 Height:1080
23:39:35.073 T:139696041277568 INFO: Pixel Ratio: 0.984375
23:39:35.073 T:139696041277568 INFO: ID:0x135 Name:1920x1080i Refresh:29.970100 Width:1920 Height:1080
23:39:35.073 T:139696041277568 INFO: Pixel Ratio: 0.984375
23:39:35.073 T:139696041277568 INFO: ID:0x138 Name:1024x768 Refresh:75.028580 Width:1024 Height:768
23:39:35.073 T:139696041277568 INFO: Pixel Ratio: 1.312500
23:39:35.073 T:139696041277568 INFO: ID:0x139 Name:1024x768 Refresh:70.069359 Width:1024 Height:768
23:39:35.073 T:139696041277568 INFO: Pixel Ratio: 1.312500
23:39:35.073 T:139696041277568 INFO: ID:0x13a Name:1024x768 Refresh:60.003841 Width:1024 Height:768
23:39:35.073 T:139696041277568 INFO: Pixel Ratio: 1.312500
23:39:35.073 T:139696041277568 INFO: ID:0x13b Name:832x624 Refresh:74.551270 Width:832 Height:624
23:39:35.073 T:139696041277568 INFO: Pixel Ratio: 1.312500
23:39:35.073 T:139696041277568 INFO: ID:0x13c Name:800x600 Refresh:72.187569 Width:800 Height:600
23:39:35.073 T:139696041277568 INFO: Pixel Ratio: 1.312500
23:39:35.073 T:139696041277568 INFO: ID:0x13d Name:800x600 Refresh:75.000000 Width:800 Height:600
23:39:35.073 T:139696041277568 INFO: Pixel Ratio: 1.312500
23:39:35.073 T:139696041277568 INFO: ID:0x13e Name:800x600 Refresh:60.316540 Width:800 Height:600
23:39:35.073 T:139696041277568 INFO: Pixel Ratio: 1.312500
23:39:35.073 T:139696041277568 INFO: ID:0x13f Name:800x600 Refresh:56.250000 Width:800 Height:600
23:39:35.073 T:139696041277568 INFO: Pixel Ratio: 1.312500
23:39:35.073 T:139696041277568 INFO: ID:0x140 Name:720x576 Refresh:50.000000 Width:720 Height:576
23:39:35.073 T:139696041277568 INFO: Pixel Ratio: 1.400000
23:39:35.073 T:139696041277568 INFO: ID:0x141 Name:720x480 Refresh:60.000000 Width:720 Height:480
23:39:35.073 T:139696041277568 INFO: Pixel Ratio: 1.166667
23:39:35.073 T:139696041277568 INFO: ID:0x142 Name:720x480 Refresh:59.940060 Width:720 Height:480
23:39:35.073 T:139696041277568 INFO: Pixel Ratio: 1.166667
23:39:35.073 T:139696041277568 INFO: ID:0x143 Name:640x480 Refresh:75.000000 Width:640 Height:480
23:39:35.073 T:139696041277568 INFO: Pixel Ratio: 1.312500
23:39:35.073 T:139696041277568 INFO: ID:0x144 Name:640x480 Refresh:72.808800 Width:640 Height:480
23:39:35.073 T:139696041277568 INFO: Pixel Ratio: 1.312500
23:39:35.073 T:139696041277568 INFO: ID:0x145 Name:640x480 Refresh:66.666672 Width:640 Height:480
23:39:35.073 T:139696041277568 INFO: Pixel Ratio: 1.312500
23:39:35.073 T:139696041277568 INFO: ID:0x146 Name:640x480 Refresh:60.000000 Width:640 Height:480
23:39:35.073 T:139696041277568 INFO: Pixel Ratio: 1.312500
23:39:35.073 T:139696041277568 INFO: ID:0x147 Name:640x480 Refresh:59.940479 Width:640 Height:480
23:39:35.073 T:139696041277568 INFO: Pixel Ratio: 1.312500
23:39:35.073 T:139696041277568 INFO: ID:0x148 Name:720x400 Refresh:70.081657 Width:720 Height:400
23:39:35.073 T:139696041277568 INFO: Pixel Ratio: 0.972222
23:39:35.073 T:139696041277568 DEBUG: RecreateWindow - current output: HDMI1, mode: 0x136, refresh: 60.000
23:39:35.073 T:139696041277568 DEBUG: OnLostDevice - notify display change event
23:39:35.090 T:139696041277568 DEBUG: Window Manager Name: Fluxbox
23:39:35.112 T:139696041277568 DEBUG: CWinSystemX11::RefreshEGLContext: refreshing context
23:39:35.113 T:139695941998336 DEBUG: CActiveAE - display reset event
23:39:35.113 T:139696041277568 INFO: GL: Maximum texture width: 16384
23:39:35.113 T:139695933605632 INFO: CActiveAESink::OpenSink - initialize sink
23:39:35.113 T:139695933605632 DEBUG: CActiveAESink::OpenSink - trying to open device ALSA:hdmi:CARD=PCH,DEV=0
23:39:35.113 T:139695933605632 INFO: CAESinkALSA::Initialize - Attempting to open device "hdmi:CARD=PCH,DEV=0"
23:39:35.118 T:139695933605632 INFO: CAESinkALSA::Initialize - Opened device "hdmi:CARD=PCH,DEV=0,AES0=0x04,AES1=0x82,AES2=0x00,AES3=0x00"
23:39:35.118 T:139695933605632 INFO: CAESinkALSA::InitializeHW - Your hardware does not support AE_FMT_FLOAT, trying other formats
23:39:35.119 T:139695933605632 INFO: CAESinkALSA::InitializeHW - Using data format AE_FMT_S32NE
23:39:35.119 T:139695933605632 DEBUG: CAESinkALSA::InitializeHW - Request: periodSize 2205, bufferSize 8820
23:39:35.128 T:139695933605632 DEBUG: CAESinkALSA::InitializeHW - Got: periodSize 2205, bufferSize 8820
23:39:35.128 T:139695933605632 DEBUG: CAESinkALSA::InitializeHW - Setting timeout to 200 ms
23:39:35.128 T:139695933605632 DEBUG: CAESinkALSA::GetChannelLayout - Input Channel Count: 2 Output Channel Count: 2
23:39:35.128 T:139695933605632 DEBUG: CAESinkALSA::GetChannelLayout - Requested Layout: FL, FR
23:39:35.128 T:139695933605632 DEBUG: CAESinkALSA::GetChannelLayout - Got Layout: FL, FR (ALSA: FL FR)
23:39:35.129 T:139695933605632 DEBUG: CActiveAESink::OpenSink - ALSA Initialized:
23:39:35.129 T:139695933605632 DEBUG: Output Device : HDA Intel PCH
23:39:35.129 T:139695933605632 DEBUG: Sample Rate : 44100
23:39:35.129 T:139695933605632 DEBUG: Sample Format : AE_FMT_S32NE
23:39:35.129 T:139695933605632 DEBUG: Channel Count : 2
23:39:35.129 T:139695933605632 DEBUG: Channel Layout: FL, FR
23:39:35.129 T:139695933605632 DEBUG: Frames : 2205
23:39:35.129 T:139695933605632 DEBUG: Frame Size : 8
23:39:35.129 T:139695941998336 DEBUG: CActiveAE::ClearDiscardedBuffers - buffer pool deleted
23:39:35.168 T:139696041277568 INFO: GL: Enabling VSYNC
23:39:35.168 T:139696041277568 DEBUG: LogindUPowerSyscall: Received PrepareForSleep with arg 0
23:39:35.168 T:139696041277568 NOTICE: OnWake: Running resume jobs
23:39:35.168 T:139696041277568 DEBUG: ------ Window Deinit (DialogBusy.xml) ------
23:39:35.168 T:139696041277568 NOTICE: OnWake: Restarting lirc
23:39:35.168 T:139695941998336 WARNING: CActiveAE::StateMachine - signal: 0 from port: OutputControlPort not handled for state: 6
23:39:35.168 T:139693661865728 DEBUG: Thread RemoteControl start, auto delete: false
23:39:35.168 T:139693661865728 INFO: LIRC Process: using: /run/lirc/lircd
23:39:35.169 T:139693661865728 INFO: LIRC Connect: successfully started
23:39:35.169 T:139693661865728 DEBUG: Thread RemoteControl 139693661865728 terminating
23:39:41.090 T:139696041277568 ERROR: ActiveAE::Resume - failed to init
23:39:41.090 T:139696041273088 DEBUG: CAnnouncementManager - Announcement: OnWake from xbmc
23:39:41.090 T:139696041273088 DEBUG: GOT ANNOUNCEMENT, type: 8, from xbmc, message OnWake
23:39:41.092 T:139696041277568 DEBUG: LogindUPowerSyscall - inhibit lock taken, fd 41
23:39:41.157 T:139694239110912 INFO: WEATHER: Downloading weather
23:39:41.157 T:139693661865728 DEBUG: Thread LanguageInvoker start, auto delete: false
23:39:41.157 T:139693661865728 INFO: initializing python engine.
23:39:41.157 T:139693661865728 DEBUG: CPythonInvoker(9, /storage/.kodi/addons/weather.yahoo/default.py): start processing
23:39:41.170 T:139693661865728 DEBUG: -->Python Interpreter Initialized<--
23:39:41.170 T:139693661865728 DEBUG: CPythonInvoker(9, /storage/.kodi/addons/weather.yahoo/default.py): the source file to load is "/storage/.kodi/addons/weather.yahoo/default.py"
23:39:41.170 T:139693661865728 DEBUG: CPythonInvoker(9, /storage/.kodi/addons/weather.yahoo/default.py): setting the Python path to /storage/.kodi/addons/weather.yahoo:/usr/lib/python27.zip:/usr/lib/python2.7:/usr/lib/python2.7/plat-linux2:/usr/lib/python2.7/lib-tk:/usr/lib/python2.7/lib-old:/usr/lib/python2.7/lib-dynload:/usr/lib/python2.7/site-packages:/usr/lib/python2.7/site-packages/gtk-2.0
23:39:41.170 T:139693661865728 DEBUG: CPythonInvoker(9, /storage/.kodi/addons/weather.yahoo/default.py): entering source directory /storage/.kodi/addons/weather.yahoo
23:39:41.170 T:139693661865728 DEBUG: CPythonInvoker(9, /storage/.kodi/addons/weather.yahoo/default.py): instantiating addon using automatically obtained id of "weather.yahoo" dependent on version 2.25.0 of the xbmc.python api
23:39:41.214 T:139693661865728 DEBUG: weather.yahoo: version 4.3.1 started: ['/storage/.kodi/addons/weather.yahoo/default.py', '1']
23:39:41.214 T:139693661865728 DEBUG: CAddonSettings[weather.yahoo]: loading setting definitions
23:39:41.214 T:139693661865728 DEBUG: CAddonSettings[weather.yahoo]: trying to load setting definitions from old format...
23:39:41.214 T:139693661865728 DEBUG: CAddonSettings[weather.yahoo]: loading setting values
23:39:41.215 T:139693661865728 DEBUG: weather.yahoo: weather location: 528792
23:39:41.862 T:139693661865728 DEBUG: weather.yahoo: forecast data: {"query":{"count":1,"created":"2017-11-21T22:39:41Z","lang":"en-US","results":{"channel":{"units":{"distance":"km","pressure":"mb","speed":"km/h","temperature":"C"},"title":"Yahoo! Weather - Zgorzelec, Lower Silesia, PL","link":"http://us.rd.yahoo.com/dailynews/rss/weather/Country__Country/*https://weather.yahoo.com/country/state/city-528792/","description":"Yahoo! Weather for Zgorzelec, Lower Silesia, PL","language":"en-us","lastBuildDate":"Tue, 21 Nov 2017 11:39 PM CET","ttl":"60","location":{"city":"Zgorzelec","country":"Poland","region":" Lower Silesia"},"wind":{"chill":"39","direction":"200","speed":"17.70"},"atmosphere":{"humidity":"99","pressure":"33288.21","rising":"0","visibility":"9.33"},"astronomy":{"sunrise":"7:27 am","sunset":"4:4 pm"},"image":{"title":"Yahoo! Weather","width":"142","height":"18","link":"http://weather.yahoo.com","url":"http://l.yimg.com/a/i/brand/purplelogo//uh/us/news-wea.gif"},"item":{"title":"Conditions for Zgorzelec, Lower Silesia, PL at 11:00 PM CET","lat":"51.157848","long":"15.04337","link":"http://us.rd.yahoo.com/dailynews/rss/weather/Country__Country/*https://weather.yahoo.com/country/state/city-528792/","pubDate":"Tue, 21 Nov 2017 11:00 PM CET","condition":{"code":"12","date":"Tue, 21 Nov 2017 11:00 PM CET","temp":"6","text":"Rain"},"forecast":[{"code":"5","date":"21 Nov 2017","day":"Tue","high":"6","low":"1","text":"Rain And Snow"},{"code":"11","date":"22 Nov 2017","day":"Wed","high":"7","low":"6","text":"Showers"},{"code":"23","date":"23 Nov 2017","day":"Thu","high":"9","low":"5","text":"Breezy"},{"code":"28","date":"24 Nov 2017","day":"Fri","high":"10","low":"5","text":"Mostly Cloudy"},{"code":"5","date":"25 Nov 2017","day":"Sat","high":"8","low":"3","text":"Rain And Snow"},{"code":"30","date":"26 Nov 2017","day":"Sun","high":"3","low":"2","text":"Partly Cloudy"},{"code":"28","date":"27 Nov 2017","day":"Mon","high":"4","low":"0","text":"Mostly Cloudy"},{"code":"28","date":"28 Nov 2017","day":"Tue","high":"3","low":"0","text":"Mostly Cloudy"},{"code":"28","date":"29 Nov 2017","day":"Wed","high":"3","low":"1","text":"Mostly Cloudy"},{"code":"28","date":"30 Nov 2017","day":"Thu","high":"2","low":"0","text":"Mostly Cloudy"}],"description":"\n
\nCurrent Conditions:\n
Rain\n
\n
\nForecast:\n
Tue - Rain And Snow. High: 6Low: 1\n
Wed - Showers. High: 7Low: 6\n
Thu - Breezy. High: 9Low: 5\n
Fri - Mostly Cloudy. High: 10Low: 5\n
Sat - Rain And Snow. High: 8Low: 3\n
\n
\nFull Forecast at Yahoo! Weather\n
\n
\n
\n]]>","guid":{"isPermaLink":"false"}}}}}}
23:39:41.874 T:139693661865728 DEBUG: weather.yahoo: available locations: 1
23:39:41.874 T:139693661865728 DEBUG: weather.yahoo: finished
23:39:41.874 T:139693661865728 INFO: CPythonInvoker(9, /storage/.kodi/addons/weather.yahoo/default.py): script successfully run
23:39:41.918 T:139693661865728 INFO: Python script stopped
23:39:41.918 T:139693661865728 DEBUG: Thread LanguageInvoker 139693661865728 terminating
23:39:41.971 T:139694239110912 DEBUG: POParser: loaded 130 weather tokens
23:39:46.262 T:139696041277568 DEBUG: LIRC: Update - NEW at 402034:e 0 KEY_BACKSPACE devinput (KEY_BACKSPACE)
23:39:46.262 T:139696041277568 DEBUG: HandleKey: menu (0xd8) pressed, action is PreviousMenu
23:39:46.531 T:139696041277568 DEBUG: ------ Window Deinit (DialogButtonMenu.xml) ------
23:40:11.157 T:139695220586240 DEBUG: Thread JobWorker 139695220586240 terminating (autodelete)
23:40:11.157 T:139695950391040 DEBUG: Thread JobWorker 139695950391040 terminating (autodelete)
23:40:11.157 T:139695771391744 DEBUG: Thread JobWorker 139695771391744 terminating (autodelete)
23:40:11.972 T:139694239110912 DEBUG: Thread JobWorker 139694239110912 terminating (autodelete)
23:40:35.640 T:139694281062144 NOTICE: ES: Client from ::ffff:127.0.0.1 timed out