23:09:53.648 T:139696041277568 DEBUG: LocalizeStrings: loaded 9 strings from file /usr/share/kodi/addons/peripheral.joystick/resources/language/English/strings.po
23:09:53.652 T:139696041277568 DEBUG: LocalizeStrings: loaded 1 strings from file /usr/share/kodi/addons/screensaver.xbmc.builtin.dim/resources/language/resource.language.pl_pl/strings.po
23:09:53.652 T:139696041277568 DEBUG: LocalizeStrings: loaded 0 strings from file /usr/share/kodi/addons/screensaver.xbmc.builtin.dim/resources/language/resource.language.en_gb/strings.po
23:09:53.654 T:139696041277568 DEBUG: LocalizeStrings: loaded 183 strings from file /usr/share/kodi/addons/service.libreelec.settings/resources/language/Polish/strings.po
23:09:53.656 T:139696041277568 DEBUG: POParser: id:609 was recently re-used in the English string file, which is not yet changed in the translated file. Using the English string instead
23:09:53.656 T:139696041277568 DEBUG: POParser: id:610 was recently re-used in the English string file, which is not yet changed in the translated file. Using the English string instead
23:09:53.656 T:139696041277568 DEBUG: POParser: id:32187 was recently re-used in the English string file, which is not yet changed in the translated file. Using the English string instead
23:09:53.656 T:139696041277568 DEBUG: LocalizeStrings: loaded 29 strings from file /usr/share/kodi/addons/service.libreelec.settings/resources/language/English/strings.po
23:09:53.658 T:139696041277568 DEBUG: LocalizeStrings: loaded 4 strings from file /storage/.kodi/addons/weather.yahoo/resources/language/Polish/strings.po
23:09:53.659 T:139696041277568 DEBUG: LocalizeStrings: loaded 2 strings from file /storage/.kodi/addons/weather.yahoo/resources/language/English/strings.po
23:09:53.662 T:139696041277568 DEBUG: LocalizeStrings: loaded 159 strings from file /storage/.kodi/addons/plugin.video.youtube/resources/language/Polish/strings.po
23:09:53.663 T:139696041277568 DEBUG: POParser: id:30200 was recently re-used in the English string file, which is not yet changed in the translated file. Using the English string instead
23:09:53.663 T:139696041277568 DEBUG: LocalizeStrings: loaded 3 strings from file /storage/.kodi/addons/plugin.video.youtube/resources/language/English/strings.po
23:09:53.664 T:139696041277568 DEBUG: LocalizeStrings: loaded 1 strings from file /storage/.kodi/addons/service.subtitles.napiprojekt/resources/language/English/strings.po
23:09:53.665 T:139696041277568 DEBUG: LocalizeStrings: loaded 14 strings from file /storage/.kodi/addons/service.subtitles.napisy24pl/resources/language/Polish/strings.po
23:09:53.666 T:139696041277568 DEBUG: LocalizeStrings: loaded 0 strings from file /storage/.kodi/addons/service.subtitles.napisy24pl/resources/language/English/strings.po
23:09:53.666 T:139696041277568 DEBUG: LocalizeStrings: loaded 5 strings from file /storage/.kodi/addons/service.subtitles.opensubtitles/resources/language/English/strings.po
23:09:53.668 T:139696041277568 DEBUG: LocalizeStrings: loaded 16 strings from file /storage/.kodi/addons/plugin.audio.icecast/resources/language/English/strings.xml
23:09:53.670 T:139696041277568 DEBUG: LocalizeStrings: loaded 19 strings from file /storage/.kodi/addons/plugin.audio.shoutcast/resources/language/Polish/strings.xml
23:09:53.671 T:139696041277568 DEBUG: LocalizeStrings: loaded 0 strings from file /storage/.kodi/addons/plugin.audio.shoutcast/resources/language/English/strings.xml
23:09:53.672 T:139696041277568 DEBUG: LocalizeStrings: loaded 48 strings from file /storage/.kodi/addons/script.cu.lrclyrics/resources/language/Polish/strings.po
23:09:53.673 T:139696041277568 DEBUG: LocalizeStrings: loaded 0 strings from file /storage/.kodi/addons/script.cu.lrclyrics/resources/language/English/strings.po
23:09:53.676 T:139696041277568 DEBUG: LocalizeStrings: loaded 1 strings from file /storage/.kodi/addons/audioencoder.flac/resources/language/English/strings.po
23:09:53.676 T:139696041277568 DEBUG: LocalizeStrings: loaded 6 strings from file /storage/.kodi/addons/audioencoder.lame/resources/language/English/strings.po
23:09:53.678 T:139696041277568 DEBUG: LocalizeStrings: loaded 6 strings from file /storage/.kodi/addons/audioencoder.vorbis/resources/language/English/strings.po
23:09:53.680 T:139696041277568 DEBUG: LocalizeStrings: loaded 7 strings from file /storage/.kodi/addons/script.common.plugin.cache/resources/language/English/strings.xml
23:09:53.682 T:139696041277568 DEBUG: POParser: PO file has Win Style Line Endings. Converted in memory to Linux LF for file: /storage/.kodi/addons/script.module.urlresolver/resources/language/English/strings.po
23:09:53.682 T:139696041277568 DEBUG: LocalizeStrings: loaded 43 strings from file /storage/.kodi/addons/script.module.urlresolver/resources/language/English/strings.po
23:09:53.690 T:139696041277568 DEBUG: LocalizeStrings: loaded 2 strings from file /storage/.kodi/addons/script.xbmc.audio.mixer/resources/language/English/strings.po
23:09:53.691 T:139696041277568 DEBUG: LocalizeStrings: loaded 41 strings from file /storage/.kodi/addons/script.advanced.wol/resources/language/English/strings.xml
23:09:53.692 T:139696041277568 DEBUG: LocalizeStrings: loaded 14 strings from file /storage/.kodi/addons/browser.chromium/resources/language/English/strings.xml
23:09:53.694 T:139696041277568 DEBUG: LocalizeStrings: loaded 0 strings from file /storage/.kodi/addons/webinterface.awxi/resources/language/English/strings.po
23:09:53.697 T:139696041277568 DEBUG: LocalizeStrings: loaded 10 strings from file /usr/share/kodi/addons/inputstream.adaptive/resources/language/resource.language.en_gb/strings.po
23:09:53.698 T:139696041277568 DEBUG: LocalizeStrings: loaded 8 strings from file /usr/share/kodi/addons/pvr.argustv/resources/language/resource.language.pl_pl/strings.po
23:09:53.699 T:139696041277568 DEBUG: LocalizeStrings: loaded 0 strings from file /usr/share/kodi/addons/pvr.argustv/resources/language/resource.language.en_gb/strings.po
23:09:53.701 T:139696041277568 DEBUG: LocalizeStrings: loaded 67 strings from file /usr/share/kodi/addons/pvr.dvblink/resources/language/resource.language.pl_pl/strings.po
23:09:53.702 T:139696041277568 DEBUG: LocalizeStrings: loaded 0 strings from file /usr/share/kodi/addons/pvr.dvblink/resources/language/resource.language.en_gb/strings.po
23:09:53.703 T:139696041277568 DEBUG: LocalizeStrings: loaded 48 strings from file /usr/share/kodi/addons/pvr.dvbviewer/resources/language/resource.language.pl_pl/strings.po
23:09:53.704 T:139696041277568 DEBUG: LocalizeStrings: loaded 0 strings from file /usr/share/kodi/addons/pvr.dvbviewer/resources/language/resource.language.en_gb/strings.po
23:09:53.705 T:139696041277568 DEBUG: LocalizeStrings: loaded 3 strings from file /usr/share/kodi/addons/pvr.filmon/resources/language/resource.language.pl_pl/strings.po
23:09:53.705 T:139696041277568 DEBUG: LocalizeStrings: loaded 0 strings from file /usr/share/kodi/addons/pvr.filmon/resources/language/resource.language.en_gb/strings.po
23:09:53.706 T:139696041277568 DEBUG: LocalizeStrings: loaded 5 strings from file /usr/share/kodi/addons/pvr.hdhomerun/resources/language/resource.language.pl_pl/strings.po
23:09:53.706 T:139696041277568 DEBUG: LocalizeStrings: loaded 0 strings from file /usr/share/kodi/addons/pvr.hdhomerun/resources/language/resource.language.en_gb/strings.po
23:09:53.708 T:139696041277568 DEBUG: LocalizeStrings: loaded 78 strings from file /usr/share/kodi/addons/pvr.hts/resources/language/resource.language.pl_pl/strings.po
23:09:53.709 T:139696041277568 DEBUG: LocalizeStrings: loaded 3 strings from file /usr/share/kodi/addons/pvr.hts/resources/language/resource.language.en_gb/strings.po
23:09:53.710 T:139696041277568 DEBUG: LocalizeStrings: loaded 22 strings from file /usr/share/kodi/addons/pvr.iptvsimple/resources/language/resource.language.pl_pl/strings.po
23:09:53.710 T:139696041277568 DEBUG: LocalizeStrings: loaded 0 strings from file /usr/share/kodi/addons/pvr.iptvsimple/resources/language/resource.language.en_gb/strings.po
23:09:53.711 T:139696041277568 DEBUG: LocalizeStrings: loaded 71 strings from file /usr/share/kodi/addons/pvr.mediaportal.tvserver/resources/language/resource.language.pl_pl/strings.po
23:09:53.712 T:139696041277568 DEBUG: LocalizeStrings: loaded 0 strings from file /usr/share/kodi/addons/pvr.mediaportal.tvserver/resources/language/resource.language.en_gb/strings.po
23:09:53.714 T:139696041277568 DEBUG: LocalizeStrings: loaded 102 strings from file /usr/share/kodi/addons/pvr.mythtv/resources/language/resource.language.pl_pl/strings.po
23:09:53.715 T:139696041277568 DEBUG: LocalizeStrings: loaded 1 strings from file /usr/share/kodi/addons/pvr.mythtv/resources/language/resource.language.en_gb/strings.po
23:09:53.716 T:139696041277568 DEBUG: LocalizeStrings: loaded 28 strings from file /usr/share/kodi/addons/pvr.nextpvr/resources/language/resource.language.pl_pl/strings.po
23:09:53.717 T:139696041277568 DEBUG: LocalizeStrings: loaded 0 strings from file /usr/share/kodi/addons/pvr.nextpvr/resources/language/resource.language.en_gb/strings.po
23:09:53.717 T:139696041277568 DEBUG: LocalizeStrings: loaded 2 strings from file /usr/share/kodi/addons/pvr.njoy/resources/language/resource.language.pl_pl/strings.po
23:09:53.717 T:139696041277568 DEBUG: LocalizeStrings: loaded 0 strings from file /usr/share/kodi/addons/pvr.njoy/resources/language/resource.language.en_gb/strings.po
23:09:53.718 T:139696041277568 DEBUG: LocalizeStrings: loaded 2 strings from file /usr/share/kodi/addons/pvr.octonet/resources/language/resource.language.en_gb/strings.po
23:09:53.718 T:139696041277568 DEBUG: LocalizeStrings: loaded 8 strings from file /usr/share/kodi/addons/pvr.pctv/resources/language/resource.language.pl_pl/strings.po
23:09:53.718 T:139696041277568 DEBUG: LocalizeStrings: loaded 0 strings from file /usr/share/kodi/addons/pvr.pctv/resources/language/resource.language.en_gb/strings.po
23:09:53.719 T:139696041277568 DEBUG: LocalizeStrings: loaded 43 strings from file /usr/share/kodi/addons/pvr.stalker/resources/language/resource.language.pl_pl/strings.po
23:09:53.720 T:139696041277568 DEBUG: LocalizeStrings: loaded 0 strings from file /usr/share/kodi/addons/pvr.stalker/resources/language/resource.language.en_gb/strings.po
23:09:53.722 T:139696041277568 DEBUG: LocalizeStrings: loaded 4 strings from file /usr/share/kodi/addons/pvr.teleboy/resources/language/resource.language.en_gb/strings.po
23:09:53.723 T:139696041277568 DEBUG: LocalizeStrings: loaded 25 strings from file /usr/share/kodi/addons/pvr.vbox/resources/language/resource.language.pl_pl/strings.po
23:09:53.723 T:139696041277568 DEBUG: LocalizeStrings: loaded 0 strings from file /usr/share/kodi/addons/pvr.vbox/resources/language/resource.language.en_gb/strings.po
23:09:53.724 T:139696041277568 DEBUG: LocalizeStrings: loaded 69 strings from file /usr/share/kodi/addons/pvr.vdr.vnsi/resources/language/resource.language.pl_pl/strings.po
23:09:53.725 T:139696041277568 DEBUG: LocalizeStrings: loaded 1 strings from file /usr/share/kodi/addons/pvr.vdr.vnsi/resources/language/resource.language.en_gb/strings.po
23:09:53.727 T:139696041277568 DEBUG: LocalizeStrings: loaded 29 strings from file /usr/share/kodi/addons/pvr.vuplus/resources/language/resource.language.pl_pl/strings.po
23:09:53.728 T:139696041277568 DEBUG: LocalizeStrings: loaded 0 strings from file /usr/share/kodi/addons/pvr.vuplus/resources/language/resource.language.en_gb/strings.po
23:09:53.729 T:139696041277568 DEBUG: LocalizeStrings: loaded 70 strings from file /usr/share/kodi/addons/pvr.wmc/resources/language/resource.language.pl_pl/strings.po
23:09:53.730 T:139696041277568 DEBUG: LocalizeStrings: loaded 0 strings from file /usr/share/kodi/addons/pvr.wmc/resources/language/resource.language.en_gb/strings.po
23:09:53.731 T:139696041277568 DEBUG: LocalizeStrings: loaded 7 strings from file /usr/share/kodi/addons/pvr.zattoo/resources/language/resource.language.en_gb/strings.po
23:09:53.733 T:139696041277568 DEBUG: LocalizeStrings: loaded 58 strings from file /storage/.kodi/addons/plugin.video.netflix/resources/language/resource.language.pl_pl/strings.po
23:09:53.734 T:139696041277568 DEBUG: LocalizeStrings: loaded 2 strings from file /storage/.kodi/addons/plugin.video.netflix/resources/language/resource.language.en_gb/strings.po
23:09:53.739 T:139696041277568 DEBUG: LocalizeStrings: loaded 80 strings from file /storage/.kodi/addons/script.artistslideshow/resources/language/Polish/strings.po
23:09:53.740 T:139696041277568 DEBUG: POParser: id:32000 was recently re-used in the English string file, which is not yet changed in the translated file. Using the English string instead
23:09:53.740 T:139696041277568 DEBUG: POParser: id:32002 was recently re-used in the English string file, which is not yet changed in the translated file. Using the English string instead
23:09:53.740 T:139696041277568 DEBUG: POParser: id:32007 was recently re-used in the English string file, which is not yet changed in the translated file. Using the English string instead
23:09:53.740 T:139696041277568 DEBUG: LocalizeStrings: loaded 32 strings from file /storage/.kodi/addons/script.artistslideshow/resources/language/English/strings.po
23:09:53.741 T:139696041277568 DEBUG: LocalizeStrings: loaded 27 strings from file /storage/.kodi/addons/service.sleeptimer/resources/language/English/strings.po
23:09:53.742 T:139696041277568 DEBUG: LocalizeStrings: loaded 17 strings from file /storage/.kodi/addons/script.kodi.loguploader/resources/language/resource.language.en_gb/strings.po
23:09:53.744 T:139696041277568 DEBUG: LocalizeStrings: loaded 49 strings from file /storage/.kodi/addons/plugin.library.node.editor/resources/language/Polish/strings.po
23:09:53.745 T:139696041277568 DEBUG: POParser: id:30104 was recently re-used in the English string file, which is not yet changed in the translated file. Using the English string instead
23:09:53.745 T:139696041277568 DEBUG: LocalizeStrings: loaded 26 strings from file /storage/.kodi/addons/plugin.library.node.editor/resources/language/English/strings.po
23:09:53.745 T:139696041277568 DEBUG: SECTION:LoadDLL(libcurl.so.4)
23:09:53.746 T:139696041277568 DEBUG: Loading: libcurl.so.4
23:09:53.756 T:139695950391040 DEBUG: Thread JobWorker start, auto delete: true
23:09:53.756 T:139695950391040 NOTICE: Running database version Addons27
23:09:53.757 T:139695950391040 DEBUG: Initialize, updating databases...
23:09:53.757 T:139695950391040 NOTICE: Running database version ViewModes6
23:09:53.779 T:139695950391040 NOTICE: Running database version Textures13
23:09:53.858 T:139695950391040 NOTICE: Running database version MyMusic68
23:09:53.895 T:139695950391040 NOTICE: Running database version MyVideos108
23:09:53.897 T:139695950391040 NOTICE: Running database version TV32
23:09:53.897 T:139695950391040 NOTICE: Running database version Epg11
23:09:53.898 T:139695950391040 DEBUG: Initialize, updating databases... DONE
23:09:53.902 T:139696041277568 NOTICE: start dvd mediatype detection
23:09:53.903 T:139696026113792 DEBUG: Thread DetectDVDMedia start, auto delete: false
23:09:53.903 T:139696026113792 DEBUG: Compiled with libcdio Version 0.94
23:09:53.903 T:139696041277568 DEBUG: DPMS: supported power-saving modes: SUSPEND OFF STANDBY
23:09:53.916 T:139696041273088 DEBUG: CAnnouncementManager - Announcement: OnClear from xbmc
23:09:53.916 T:139696041273088 DEBUG: GOT ANNOUNCEMENT, type: 2, from xbmc, message OnClear
23:09:53.929 T:139696041277568 INFO: Unloading old skin ...
23:09:53.931 T:139696041277568 NOTICE: load skin from: /usr/share/kodi/addons/skin.estuary (version: 2.0.6)
23:09:53.931 T:139696041277568 INFO: load fonts for skin...
23:09:53.934 T:139696041277568 INFO: Loading skin includes from /usr/share/kodi/addons/skin.estuary/xml/Includes.xml
23:09:53.975 T:139696041277568 INFO: Loading fonts from /usr/share/kodi/addons/skin.estuary/xml/Font.xml
23:09:54.003 T:139696041277568 DEBUG: LocalizeStrings: loaded 135 strings from file /usr/share/kodi/addons/skin.estuary/language/resource.language.pl_pl/strings.po
23:09:54.004 T:139696041277568 DEBUG: LocalizeStrings: loaded 0 strings from file /usr/share/kodi/addons/skin.estuary/language/resource.language.en_gb/strings.po
23:09:54.004 T:139696041277568 INFO: load new skin...
23:09:54.004 T:139696041277568 INFO: Loading custom window XMLs from skin path /usr/share/kodi/addons/skin.estuary/xml
23:09:54.010 T:139696041277568 DEBUG: Load Skin XML: 5.99ms
23:09:54.010 T:139696041277568 INFO: initialize new skin...
23:09:54.010 T:139696041277568 DEBUG: guilib: Fill viewport on change for solving rendering passes
23:09:54.010 T:139696041277568 INFO: Loading skin file: Custom_1109_TopBarOverlay.xml, load type: LOAD_ON_GUI_INIT
23:09:54.012 T:139696041277568 INFO: Loading skin file: DialogNotification.xml, load type: LOAD_ON_GUI_INIT
23:09:54.013 T:139696041277568 INFO: Loading skin file: DialogSeekBar.xml, load type: LOAD_ON_GUI_INIT
23:09:54.022 T:139696041277568 DEBUG: OpenBundle - Opened bundle /usr/share/kodi/addons/skin.estuary/media/Textures.xbt
23:09:54.025 T:139696041277568 INFO: Loading skin file: DialogExtendedProgressBar.xml, load type: LOAD_ON_GUI_INIT
23:09:54.027 T:139696041277568 INFO: Loading skin file: Pointer.xml, load type: LOAD_ON_GUI_INIT
23:09:54.028 T:139696041277568 INFO: Loading skin file: DialogVolumeBar.xml, load type: LOAD_ON_GUI_INIT
23:09:54.029 T:139696041277568 INFO: Loading skin file: DialogBusy.xml, load type: LOAD_ON_GUI_INIT
23:09:54.030 T:139696041277568 INFO: Loading resource://resource.uisounds.kodi/sounds.xml
23:09:54.056 T:139696041277568 INFO: skin loaded...
23:09:54.056 T:139696041277568 DEBUG: Activating window ID: 12997
23:09:54.056 T:139696041277568 DEBUG: ------ Window Init () ------
23:09:54.056 T:139696041277568 INFO: load splash image: /usr/share/kodi/media/Splash.png
23:09:54.067 T:139696041277568 DEBUG: JSONRPC: JSON schema type definition references an unknown type Setting.Details.Setting
23:09:54.067 T:139696041277568 WARNING: JSONRPC: Could not parse type "Setting.Details.SettingList"
23:09:54.067 T:139696041277568 INFO: JSONRPC: Adding type "Setting.Details.SettingList" to list of incomplete definitions (waiting for "Setting.Details.Setting")
23:09:54.067 T:139696041277568 INFO: JSONRPC: Resolving incomplete types/methods referencing Setting.Details.Setting
23:09:54.084 T:139696041277568 INFO: JSONRPC v8.4.1: Successfully initialized
23:09:54.087 T:139696041277568 DEBUG: CServiceAddonManager: starting service.libreelec.settings
23:09:54.087 T:139696041277568 DEBUG: CServiceAddonManager: starting plugin.video.youtube
23:09:54.087 T:139695817348864 DEBUG: Thread LanguageInvoker start, auto delete: false
23:09:54.087 T:139695817348864 INFO: initializing python engine.
23:09:54.088 T:139696041277568 DEBUG: CServiceAddonManager: starting script.common.plugin.cache
23:09:54.088 T:139695796979456 DEBUG: Thread LanguageInvoker start, auto delete: false
23:09:54.088 T:139696041277568 DEBUG: CServiceAddonManager: starting plugin.video.cdapl
23:09:54.088 T:139695796979456 INFO: initializing python engine.
23:09:54.088 T:139695788586752 DEBUG: Thread LanguageInvoker start, auto delete: false
23:09:54.088 T:139695788586752 INFO: initializing python engine.
23:09:54.088 T:139695780194048 DEBUG: Thread LanguageInvoker start, auto delete: false
23:09:54.089 T:139696041277568 DEBUG: Activating window ID: 12999
23:09:54.089 T:139695780194048 INFO: initializing python engine.
23:09:54.089 T:139696041277568 DEBUG: ------ Window Init (Startup.xml) ------
23:09:54.089 T:139696041277568 INFO: Loading skin file: Startup.xml, load type: LOAD_EVERY_TIME
23:09:54.089 T:139696041277568 DEBUG: Activating window ID: 10000
23:09:54.089 T:139696041277568 DEBUG: ------ Window Deinit (Startup.xml) ------
23:09:54.089 T:139696041277568 DEBUG: ------ Window Init (Home.xml) ------
23:09:54.089 T:139696041277568 INFO: Loading skin file: Home.xml, load type: KEEP_IN_MEMORY
23:09:54.101 T:139695817348864 DEBUG: CPythonInvoker(0, /usr/share/kodi/addons/service.libreelec.settings/service.py): start processing
23:09:54.101 T:139695796979456 DEBUG: CPythonInvoker(1, /storage/.kodi/addons/plugin.video.youtube/resources/lib/startup.py): start processing
23:09:54.101 T:139695780194048 DEBUG: CPythonInvoker(3, /storage/.kodi/addons/plugin.video.cdapl/check.py): start processing
23:09:54.101 T:139695788586752 DEBUG: CPythonInvoker(2, /storage/.kodi/addons/script.common.plugin.cache/default.py): start processing
23:09:54.113 T:139695817348864 DEBUG: -->Python Interpreter Initialized<--
23:09:54.113 T:139695817348864 DEBUG: CPythonInvoker(0, /usr/share/kodi/addons/service.libreelec.settings/service.py): the source file to load is "/usr/share/kodi/addons/service.libreelec.settings/service.py"
23:09:54.125 T:139695817348864 DEBUG: CPythonInvoker(0, /usr/share/kodi/addons/service.libreelec.settings/service.py): setting the Python path to /usr/share/kodi/addons/service.libreelec.settings:/usr/lib/python27.zip:/usr/lib/python2.7:/usr/lib/python2.7/plat-linux2:/usr/lib/python2.7/lib-tk:/usr/lib/python2.7/lib-old:/usr/lib/python2.7/lib-dynload:/usr/lib/python2.7/site-packages:/usr/lib/python2.7/site-packages/gtk-2.0
23:09:54.125 T:139695817348864 DEBUG: CPythonInvoker(0, /usr/share/kodi/addons/service.libreelec.settings/service.py): entering source directory /usr/share/kodi/addons/service.libreelec.settings
23:09:54.125 T:139695817348864 DEBUG: CPythonInvoker(0, /usr/share/kodi/addons/service.libreelec.settings/service.py): instantiating addon using automatically obtained id of "service.libreelec.settings" dependent on version 2.1.0 of the xbmc.python api
23:09:54.217 T:139696041277568 DEBUG: CDirectoryProvider[library://video/movies/]: refreshing..
23:09:54.217 T:139696041277568 DEBUG: CDirectoryProvider[special://skin/playlists/inprogress_movies.xsp]: refreshing..
23:09:54.218 T:139696041277568 DEBUG: CDirectoryProvider[special://skin/playlists/recent_unwatched_movies.xsp]: refreshing..
23:09:54.218 T:139696041277568 DEBUG: CDirectoryProvider[special://skin/playlists/unwatched_movies.xsp]: refreshing..
23:09:54.218 T:139695771391744 DEBUG: Thread JobWorker start, auto delete: true
23:09:54.218 T:139696041277568 DEBUG: CDirectoryProvider[special://skin/playlists/random_movies.xsp]: refreshing..
23:09:54.218 T:139696041277568 DEBUG: CDirectoryProvider[videodb://movies/genres/]: refreshing..
23:09:54.218 T:139695220586240 DEBUG: Thread JobWorker start, auto delete: true
23:09:54.218 T:139696041277568 DEBUG: CDirectoryProvider[videodb://movies/sets/]: refreshing..
23:09:54.223 T:139696041277568 DEBUG: CDirectoryProvider[library://music/]: refreshing..
23:09:54.223 T:139696041277568 DEBUG: CDirectoryProvider[musicdb://recentlyplayedalbums]: refreshing..
23:09:54.223 T:139696041277568 DEBUG: CDirectoryProvider[musicdb://recentlyaddedalbums/]: refreshing..
23:09:54.223 T:139696041277568 DEBUG: CDirectoryProvider[special://skin/playlists/random_albums.xsp]: refreshing..
23:09:54.223 T:139696041277568 DEBUG: CDirectoryProvider[special://skin/playlists/random_artists.xsp]: refreshing..
23:09:54.223 T:139696041277568 DEBUG: CDirectoryProvider[special://skin/playlists/unplayed_albums.xsp]: refreshing..
23:09:54.223 T:139696041277568 DEBUG: CDirectoryProvider[special://skin/playlists/mostplayed_albums.xsp]: refreshing..
23:09:54.223 T:139696041277568 DEBUG: CDirectoryProvider[addons://]: refreshing..
23:09:54.224 T:139696041277568 DEBUG: CDirectoryProvider[addons://sources/video/]: refreshing..
23:09:54.224 T:139696041277568 DEBUG: CDirectoryProvider[addons://sources/audio/]: refreshing..
23:09:54.224 T:139696041277568 DEBUG: CDirectoryProvider[addons://sources/game/]: refreshing..
23:09:54.224 T:139696041277568 DEBUG: CDirectoryProvider[addons://sources/executable/]: refreshing..
23:09:54.224 T:139696041277568 DEBUG: CDirectoryProvider[addons://sources/image/]: refreshing..
23:09:54.224 T:139696041277568 DEBUG: CDirectoryProvider[library://video/]: refreshing..
23:09:54.224 T:139696041277568 DEBUG: CDirectoryProvider[sources://video/]: refreshing..
23:09:54.224 T:139696041277568 DEBUG: CDirectoryProvider[special://videoplaylists/]: refreshing..
23:09:54.224 T:139696041277568 DEBUG: CDirectoryProvider[favourites://]: refreshing..
23:09:54.224 T:139696041277568 DEBUG: CDirectoryProvider[sources://pictures/]: refreshing..
23:09:54.224 T:139696041277568 DEBUG: CDirectoryProvider[addons://sources/game/]: refreshing..
23:09:54.234 T:139696041277568 DEBUG: LoadMappings - loaded node "Motorola Nyxboard Hybrid"
23:09:54.234 T:139696041277568 DEBUG: LoadMappings - loaded node "CEC Adapter"
23:09:54.234 T:139696041277568 DEBUG: LoadMappings - loaded node "Pulse-Eight CEC Adapter"
23:09:54.234 T:139696041277568 DEBUG: LoadMappings - loaded node "iMON HID device"
23:09:54.234 T:139696041277568 DEBUG: LoadMappings - loaded node "WETEK Play remote"
23:09:54.234 T:139696041277568 DEBUG: LoadMappings - loaded node ""
23:09:54.234 T:139696041277568 DEBUG: CPeripheralBusUSB - initialised udev monitor
23:09:54.234 T:139696041277568 DEBUG: SECTION:LoadDLL(libcec.so.4)
23:09:54.235 T:139696041277568 DEBUG: Loading: libcec.so.4
23:09:54.260 T:139695196165888 DEBUG: Thread PeripBusUSBUdev start, auto delete: false
23:09:54.266 T:139695187773184 DEBUG: Thread PeripBusCEC start, auto delete: false
23:09:54.269 T:139695179380480 DEBUG: Thread PeripBusAddon start, auto delete: false
23:09:54.270 T:139696041277568 DEBUG: Initialise - initialised peripheral on '1' with 1 features and 0 sub devices
23:09:54.270 T:139696041277568 NOTICE: Register - new joystickemulation device registered on application->1: Klawiatura gracza (0000:0000)
23:09:54.272 T:139696041277568 DEBUG: ContextMenuManager: addon menus reloaded.
23:09:54.272 T:139696041277568 INFO: removing tempfiles
23:09:54.273 T:139695170987776 DEBUG: Thread PeripEventScanner start, auto delete: false
23:09:54.287 T:139696041277568 DEBUG: CRepositoryUpdater: previous update at 21.11.2017
17:57:21, next at 22.11.2017
17:57:21
23:09:54.292 T:139695162595072 DEBUG: Thread Timer start, auto delete: false
23:09:54.295 T:139696041277568 DEBUG: CServiceAddonManager: service.libreelec.settings already started.
23:09:54.295 T:139696041277568 DEBUG: CServiceAddonManager: plugin.video.youtube already started.
23:09:54.295 T:139696041277568 DEBUG: CServiceAddonManager: starting script.cu.lrclyrics
23:09:54.297 T:139696041277568 DEBUG: CServiceAddonManager: script.common.plugin.cache already started.
23:09:54.297 T:139696041277568 DEBUG: CServiceAddonManager: plugin.video.cdapl already started.
23:09:54.297 T:139696041277568 DEBUG: CServiceAddonManager: starting script.advanced.wol
23:09:54.302 T:139696041277568 DEBUG: CServiceAddonManager: starting plugin.video.netflix
23:09:54.303 T:139694750824192 DEBUG: Thread LanguageInvoker start, auto delete: false
23:09:54.304 T:139694750824192 INFO: initializing python engine.
23:09:54.304 T:139694742431488 DEBUG: Thread LanguageInvoker start, auto delete: false
23:09:54.304 T:139694742431488 INFO: initializing python engine.
23:09:54.304 T:139694742431488 DEBUG: CPythonInvoker(5, /storage/.kodi/addons/script.advanced.wol/autostart.py): start processing
23:09:54.304 T:139694750824192 DEBUG: CPythonInvoker(4, /storage/.kodi/addons/script.cu.lrclyrics/default.py): start processing
23:09:54.304 T:139696041277568 DEBUG: CServiceAddonManager: starting service.sleeptimer
23:09:54.305 T:139694734038784 DEBUG: Thread LanguageInvoker start, auto delete: false
23:09:54.306 T:139694734038784 INFO: initializing python engine.
23:09:54.307 T:139694734038784 DEBUG: CPythonInvoker(6, /storage/.kodi/addons/plugin.video.netflix/service.py): start processing
23:09:54.307 T:139696041277568 NOTICE: initialize done
23:09:54.307 T:139696041277568 NOTICE: Running the application...
23:09:54.309 T:139696041277568 DEBUG: no profile autoexec.py (/storage/.kodi/userdata/autoexec.py) found, skipping
23:09:54.309 T:139696041277568 DEBUG: NetworkMessage - Starting network services
23:09:54.311 T:139694725646080 DEBUG: Thread LanguageInvoker start, auto delete: false
23:09:54.311 T:139694725646080 INFO: initializing python engine.
23:09:54.311 T:139694725646080 DEBUG: CPythonInvoker(7, /storage/.kodi/addons/service.sleeptimer/service.py): start processing
23:09:54.323 T:139696041277568 DEBUG: CZeroconfAvahi::clientCallback: client is up and running
23:09:54.323 T:139696041277568 NOTICE: starting zeroconf publishing
23:09:54.347 T:139696041277568 NOTICE: CWebServer[8080]: Started
23:09:54.348 T:139696041277568 INFO: JSONRPC Server: Successfully initialized
23:09:54.348 T:139696041277568 DEBUG: GetFirstConnectedInterface no connected interface found - requery list
23:09:54.348 T:139696041277568 DEBUG: SECTION:LoadDLL(libshairplay.so.0)
23:09:54.350 T:139696041277568 DEBUG: Loading: libshairplay.so.0
23:09:54.350 T:139694281062144 DEBUG: Thread EventServer start, auto delete: false
23:09:54.350 T:139694281062144 NOTICE: ES: Starting UDP Event server on port 9777
23:09:54.351 T:139694281062144 NOTICE: UDP: Listening on port 9777 (ipv6 : true)
23:09:54.353 T:139694272669440 DEBUG: Thread TCPServer start, auto delete: false
23:09:54.353 T:139696041277568 DEBUG: GetFirstConnectedInterface no connected interface found - requery list
23:09:54.354 T:139696041277568 INFO: AIRPLAY: Cleaning up photoassetcache
23:09:54.356 T:139696041277568 INFO: AIRPLAY Server: Successfully initialized
23:09:54.356 T:139696041277568 DEBUG: GetFirstConnectedInterface no connected interface found - requery list
23:09:54.361 T:139695220586240 DEBUG: GetRecentlyPlayedAlbums query: SELECT albumview.*, albumartistview.* FROM (SELECT idAlbum FROM albumview WHERE albumview.lastplayed IS NOT NULL AND albumview.strReleaseType = 'album' ORDER BY albumview.lastplayed DESC LIMIT 25) as playedalbums JOIN albumview ON albumview.idAlbum = playedalbums.idAlbum JOIN albumartistview ON albumview.idAlbum = albumartistview.idAlbum ORDER BY albumview.lastplayed DESC, albumartistview.iorder
23:09:54.363 T:139694247503616 DEBUG: Thread AirPlayServer start, auto delete: false
23:09:54.396 T:139695220586240 DEBUG: GetRecentlyAddedAlbums query: SELECT albumview.*, albumartistview.* FROM (SELECT idAlbum FROM album WHERE strAlbum != '' ORDER BY idAlbum DESC LIMIT 25) AS recentalbums JOIN albumview ON albumview.idAlbum = recentalbums.idAlbum JOIN albumartistview ON albumview.idAlbum = albumartistview.idAlbum ORDER BY albumview.idAlbum desc, albumartistview.iOrder
23:09:54.402 T:139695950391040 DEBUG: GetAlbumsByWhere query: SELECT albumview.* FROM albumview WHERE albumview.strReleaseType = 'album'
23:09:54.412 T:139695771391744 DEBUG: GetArtistsByWhere query: SELECT artistview.* FROM artistview WHERE ((EXISTS (SELECT 1 FROM song_artist WHERE song_artist.idArtist = artistview.idArtist AND song_artist.idRole = 1) OR EXISTS (SELECT 1 FROM album_artist WHERE album_artist.idArtist = artistview.idArtist)) AND (artistview.strArtist != '')) AND (artistview.strArtist <> 'Różni wykonawcy')
23:09:54.445 T:139695950391040 DEBUG: GetAlbumsByWhere - query took 43 ms
23:09:54.446 T:139695220586240 DEBUG: GetAlbumsByWhere query: SELECT albumview.* FROM albumview WHERE (((CAST(albumview.iTimesPlayed as DECIMAL(5,1)) = 0))) AND (albumview.strReleaseType = 'album')
23:09:54.453 T:139695771391744 DEBUG: Time to retrieve artists from dataset = 42
23:09:54.483 T:139695771391744 DEBUG: GetAlbumsByWhere query: SELECT albumview.* FROM albumview WHERE (((CAST(albumview.iTimesPlayed as DECIMAL(5,1)) > 0))) AND (albumview.strReleaseType = 'album')
23:09:54.493 T:139695771391744 DEBUG: GetAlbumsByWhere - query took 10 ms
23:09:54.494 T:139695220586240 DEBUG: GetAlbumsByWhere - query took 48 ms
23:09:54.533 T:139695950391040 DEBUG: CAddonMgr::GetAvailableUpdates took 36 ms
23:09:54.591 T:139695817348864 DEBUG: ## LibreELEC Addon ## 9.0.0
23:09:54.600 T:139694239110912 DEBUG: Thread JobWorker start, auto delete: true
23:09:54.614 T:139696041277568 DEBUG: ------ Window Init () ------
23:09:54.619 T:139696041277568 DEBUG: NotifyXRREvent - notify display reset event
23:09:54.631 T:139696041277568 DEBUG: RecreateWindow - current output: HDMI1, mode: 0x136, refresh: 60.000
23:09:54.634 T:139696041277568 DEBUG: OnLostDevice - notify display change event
23:09:54.641 T:139695796979456 DEBUG: -->Python Interpreter Initialized<--
23:09:54.641 T:139695796979456 DEBUG: CPythonInvoker(1, /storage/.kodi/addons/plugin.video.youtube/resources/lib/startup.py): the source file to load is "/storage/.kodi/addons/plugin.video.youtube/resources/lib/startup.py"
23:09:54.642 T:139695796979456 DEBUG: CPythonInvoker(1, /storage/.kodi/addons/plugin.video.youtube/resources/lib/startup.py): setting the Python path to /storage/.kodi/addons/plugin.video.youtube/resources/lib:/storage/.kodi/addons/script.module.certifi/lib:/storage/.kodi/addons/script.module.chardet/lib:/storage/.kodi/addons/script.module.idna/lib:/storage/.kodi/addons/script.module.requests/lib:/storage/.kodi/addons/script.module.urllib3/lib:/usr/lib/python27.zip:/usr/lib/python2.7:/usr/lib/python2.7/plat-linux2:/usr/lib/python2.7/lib-tk:/usr/lib/python2.7/lib-old:/usr/lib/python2.7/lib-dynload:/usr/lib/python2.7/site-packages:/usr/lib/python2.7/site-packages/gtk-2.0
23:09:54.642 T:139695796979456 DEBUG: CPythonInvoker(1, /storage/.kodi/addons/plugin.video.youtube/resources/lib/startup.py): entering source directory /storage/.kodi/addons/plugin.video.youtube/resources/lib
23:09:54.642 T:139695796979456 DEBUG: CPythonInvoker(1, /storage/.kodi/addons/plugin.video.youtube/resources/lib/startup.py): instantiating addon using automatically obtained id of "plugin.video.youtube" dependent on version 2.19.0 of the xbmc.python api
23:09:54.644 T:139695788586752 DEBUG: -->Python Interpreter Initialized<--
23:09:54.645 T:139695788586752 DEBUG: CPythonInvoker(2, /storage/.kodi/addons/script.common.plugin.cache/default.py): the source file to load is "/storage/.kodi/addons/script.common.plugin.cache/default.py"
23:09:54.647 T:139694239110912 INFO: easy_acquire - Created session to http://image.tmdb.org
23:09:54.657 T:139694239110912 INFO: Previous line repeats 1 times.
23:09:54.657 T:139694239110912 ERROR: CCurlFile::Stat - Failed: Couldn't resolve host name(6) for http://image.tmdb.org/t/p/original/632JG1wY6pGVxZxF5NaO5piNeFe.jpg
23:09:54.657 T:139694239110912 DEBUG: GetImageHash - unable to stat url http://image.tmdb.org/t/p/original/632JG1wY6pGVxZxF5NaO5piNeFe.jpg
23:09:54.660 T:139695220586240 ERROR: CCurlFile::Stat - Failed: Couldn't resolve host name(6) for http://image.tmdb.org/t/p/original/dvWITvEzlq8IaUbxUuBVKvXqfo6.jpg
23:09:54.660 T:139695220586240 DEBUG: GetImageHash - unable to stat url http://image.tmdb.org/t/p/original/dvWITvEzlq8IaUbxUuBVKvXqfo6.jpg
23:09:54.665 T:139695220586240 ERROR: CCurlFile::Stat - Failed: Couldn't resolve host name(6) for http://image.tmdb.org/t/p/original/olePKwjpdxnonVSD1UcMKbmHPKN.jpg
23:09:54.665 T:139695220586240 DEBUG: GetImageHash - unable to stat url http://image.tmdb.org/t/p/original/olePKwjpdxnonVSD1UcMKbmHPKN.jpg
23:09:54.665 T:139696041277568 DEBUG: Window Manager Name: Fluxbox
23:09:54.672 T:139695220586240 ERROR: CCurlFile::Stat - Failed: Couldn't resolve host name(6) for http://image.tmdb.org/t/p/original/sqdHaNm8j037G8sZKS5wagO9k8K.jpg
23:09:54.672 T:139695220586240 DEBUG: GetImageHash - unable to stat url http://image.tmdb.org/t/p/original/sqdHaNm8j037G8sZKS5wagO9k8K.jpg
23:09:54.685 T:139696041277568 DEBUG: CWinSystemX11::RefreshEGLContext: refreshing context
23:09:54.686 T:139695941998336 DEBUG: CActiveAE - display reset event
23:09:54.686 T:139696041277568 INFO: GL: Maximum texture width: 16384
23:09:54.687 T:139695933605632 INFO: CActiveAESink::OpenSink - initialize sink
23:09:54.687 T:139695933605632 DEBUG: CActiveAESink::OpenSink - trying to open device ALSA:hdmi:CARD=PCH,DEV=0
23:09:54.687 T:139695933605632 INFO: CAESinkALSA::Initialize - Attempting to open device "hdmi:CARD=PCH,DEV=0"
23:09:54.694 T:139695780194048 DEBUG: -->Python Interpreter Initialized<--
23:09:54.694 T:139695780194048 DEBUG: CPythonInvoker(3, /storage/.kodi/addons/plugin.video.cdapl/check.py): the source file to load is "/storage/.kodi/addons/plugin.video.cdapl/check.py"
23:09:54.695 T:139695933605632 INFO: CAESinkALSA::Initialize - Opened device "hdmi:CARD=PCH,DEV=0,AES0=0x04,AES1=0x82,AES2=0x00,AES3=0x00"
23:09:54.695 T:139695933605632 INFO: CAESinkALSA::InitializeHW - Your hardware does not support AE_FMT_FLOAT, trying other formats
23:09:54.695 T:139695933605632 INFO: CAESinkALSA::InitializeHW - Using data format AE_FMT_S32NE
23:09:54.695 T:139695933605632 DEBUG: CAESinkALSA::InitializeHW - Request: periodSize 2205, bufferSize 8820
23:09:54.705 T:139695771391744 DEBUG: CMultiPathDirectory::GetDirectory(multipath://special%3a%2f%2fprofile%2fplaylists%2fvideo/special%3a%2f%2fprofile%2fplaylists%2fmixed/)
23:09:54.705 T:139695771391744 DEBUG: Getting Directory (special://profile/playlists/video)
23:09:54.706 T:139695771391744 DEBUG: Getting Directory (special://profile/playlists/mixed)
23:09:54.707 T:139695933605632 DEBUG: CAESinkALSA::InitializeHW - Got: periodSize 2205, bufferSize 8820
23:09:54.707 T:139695933605632 DEBUG: CAESinkALSA::InitializeHW - Setting timeout to 200 ms
23:09:54.708 T:139695933605632 DEBUG: CAESinkALSA::GetChannelLayout - Input Channel Count: 2 Output Channel Count: 2
23:09:54.708 T:139695933605632 DEBUG: CAESinkALSA::GetChannelLayout - Requested Layout: FL, FR
23:09:54.708 T:139695933605632 DEBUG: CAESinkALSA::GetChannelLayout - Got Layout: FL, FR (ALSA: FL FR)
23:09:54.708 T:139695933605632 DEBUG: CActiveAESink::OpenSink - ALSA Initialized:
23:09:54.708 T:139695933605632 DEBUG: Output Device : HDA Intel PCH
23:09:54.708 T:139695933605632 DEBUG: Sample Rate : 44100
23:09:54.708 T:139695933605632 DEBUG: Sample Format : AE_FMT_S32NE
23:09:54.708 T:139695933605632 DEBUG: Channel Count : 2
23:09:54.708 T:139695933605632 DEBUG: Channel Layout: FL, FR
23:09:54.708 T:139695933605632 DEBUG: Frames : 2205
23:09:54.708 T:139695933605632 DEBUG: Frame Size : 8
23:09:54.708 T:139695941998336 DEBUG: CActiveAE::ClearDiscardedBuffers - buffer pool deleted
23:09:54.719 T:139695771391744 DEBUG: CMultiPathDirectory::MergeItems, items = 0
23:09:54.722 T:139695950391040 NOTICE: WakeOnAccess [192.168.9.5] trigged by accessing : smb://192.168.9.5:445/Filmy/folder.jpg
23:09:54.735 T:139695220586240 DEBUG: CRecentlyAddedJob::UpdateMusic() - Running RecentlyAdded home screen update
23:09:54.741 T:139695220586240 DEBUG: GetRecentlyAddedAlbumSongs() query: SELECT songview.*, songartistview.* FROM (SELECT idAlbum FROM album ORDER BY idAlbum DESC LIMIT 10) AS recentalbums JOIN songview ON songview.idAlbum = recentalbums.idAlbum JOIN songartistview ON songview.idSong = songartistview.idSong ORDER BY songview.idAlbum DESC, songview.idSong, songartistview.idRole, songartistview.iOrder
23:09:54.748 T:139695771391744 DEBUG: CZeroconfAvahi::doPublishService identifier: servers.webserver type: _http._tcp name:TV-Player port:8080
23:09:54.748 T:139695771391744 DEBUG: CZeroconfAvahi::addService() named: TV-Player type: _http._tcp port:8080
23:09:54.748 T:139696041277568 INFO: GL: Enabling VSYNC
23:09:54.751 T:139694713435904 DEBUG: CZeroconfAvahi::groupCallback: Service successfully established
23:09:54.751 T:139695771391744 DEBUG: CZeroconfAvahi::doPublishService identifier: servers.jsonrpc-http type: _xbmc-jsonrpc-h._tcp name:TV-Player port:8080
23:09:54.751 T:139695771391744 DEBUG: CZeroconfAvahi::addService() named: TV-Player type: _xbmc-jsonrpc-h._tcp port:8080
23:09:54.753 T:139695771391744 DEBUG: CZeroconfAvahi::doPublishService identifier: servers.jsonrpc-tpc type: _xbmc-jsonrpc._tcp name:TV-Player port:9090
23:09:54.753 T:139694713435904 DEBUG: CZeroconfAvahi::groupCallback: Service successfully established
23:09:54.753 T:139695771391744 DEBUG: CZeroconfAvahi::addService() named: TV-Player type: _xbmc-jsonrpc._tcp port:9090
23:09:54.755 T:139695771391744 DEBUG: CZeroconfAvahi::doPublishService identifier: servers.eventserver type: _xbmc-events._udp name:TV-Player port:9777
23:09:54.755 T:139694713435904 DEBUG: CZeroconfAvahi::groupCallback: Service successfully established
23:09:54.755 T:139695771391744 DEBUG: CZeroconfAvahi::addService() named: TV-Player type: _xbmc-events._udp port:9777
23:09:54.756 T:139695220586240 DEBUG: GetRecentlyAddedAlbums query: SELECT albumview.*, albumartistview.* FROM (SELECT idAlbum FROM album WHERE strAlbum != '' ORDER BY idAlbum DESC LIMIT 10) AS recentalbums JOIN albumview ON albumview.idAlbum = recentalbums.idAlbum JOIN albumartistview ON albumview.idAlbum = albumartistview.idAlbum ORDER BY albumview.idAlbum desc, albumartistview.iOrder
23:09:54.757 T:139695771391744 DEBUG: CZeroconfAvahi::doPublishService identifier: servers.airtunes type: _raop._tcp name:000102030405@TV-Player port:36666
23:09:54.757 T:139694713435904 DEBUG: CZeroconfAvahi::groupCallback: Service successfully established
23:09:54.757 T:139695771391744 DEBUG: CZeroconfAvahi::addService() named: 000102030405@TV-Player type: _raop._tcp port:36666
23:09:54.759 T:139694713435904 DEBUG: CZeroconfAvahi::groupCallback: Service successfully established
23:09:54.759 T:139695771391744 DEBUG: CZeroconfAvahi::doPublishService identifier: servers.airplay type: _airplay._tcp name:TV-Player port:36667
23:09:54.759 T:139695771391744 DEBUG: CZeroconfAvahi::addService() named: TV-Player type: _airplay._tcp port:36667
23:09:54.760 T:139695220586240 DEBUG: CRecentlyAddedJob::UpdateVideos() - Running RecentlyAdded home screen update
23:09:54.761 T:139694713435904 DEBUG: CZeroconfAvahi::groupCallback: Service successfully established
23:09:54.762 T:139695771391744 INFO: WEATHER: Downloading weather
23:09:54.762 T:139693870016256 DEBUG: Thread LanguageInvoker start, auto delete: false
23:09:54.762 T:139693870016256 INFO: initializing python engine.
23:09:54.762 T:139693870016256 DEBUG: CPythonInvoker(8, /storage/.kodi/addons/weather.yahoo/default.py): start processing
23:09:54.781 T:139695220586240 DEBUG: CRecentlyAddedJob::UpdateTotal() - Running RecentlyAdded home screen update
23:09:54.783 T:139695220586240 DEBUG: GetArtistsByWhere query: SELECT COUNT(DISTINCT artistview.idArtist) FROM artistview WHERE ((EXISTS (SELECT 1 FROM song_artist WHERE song_artist.idArtist = artistview.idArtist AND song_artist.idRole = 1) OR EXISTS (SELECT 1 FROM album_artist WHERE album_artist.idArtist = artistview.idArtist)) AND (artistview.strArtist != '')) AND (artistview.strArtist <> 'Różni wykonawcy')
23:09:54.812 T:139696041277568 DEBUG: LogindUPowerSyscall - Received unknown signal NameAcquired
23:09:55.011 T:139695780194048 DEBUG: CPythonInvoker(3, /storage/.kodi/addons/plugin.video.cdapl/check.py): setting the Python path to /storage/.kodi/addons/plugin.video.cdapl:/storage/.kodi/addons/script.common.plugin.cache/lib:/storage/.kodi/addons/script.module.ramic/lib:/usr/lib/python27.zip:/usr/lib/python2.7:/usr/lib/python2.7/plat-linux2:/usr/lib/python2.7/lib-tk:/usr/lib/python2.7/lib-old:/usr/lib/python2.7/lib-dynload:/usr/lib/python2.7/site-packages:/usr/lib/python2.7/site-packages/gtk-2.0
23:09:55.011 T:139695780194048 DEBUG: CPythonInvoker(3, /storage/.kodi/addons/plugin.video.cdapl/check.py): entering source directory /storage/.kodi/addons/plugin.video.cdapl
23:09:55.011 T:139695796979456 DEBUG: [plugin.video.youtube] YouTube settings startup initialization...
23:09:55.011 T:139695780194048 DEBUG: CPythonInvoker(3, /storage/.kodi/addons/plugin.video.cdapl/check.py): instantiating addon using automatically obtained id of "plugin.video.cdapl" dependent on version 2.1.0 of the xbmc.python api
23:09:55.013 T:139694734038784 DEBUG: -->Python Interpreter Initialized<--
23:09:55.013 T:139694734038784 DEBUG: CPythonInvoker(6, /storage/.kodi/addons/plugin.video.netflix/service.py): the source file to load is "/storage/.kodi/addons/plugin.video.netflix/service.py"
23:09:55.013 T:139695796979456 DEBUG: CAddonSettings[plugin.video.youtube]: loading setting definitions
23:09:55.013 T:139695796979456 DEBUG: CAddonSettings[plugin.video.youtube]: trying to load setting definitions from old format...
23:09:55.015 T:139695796979456 DEBUG: CAddonSettings[plugin.video.youtube]: loading setting values
23:09:55.018 T:139695796979456 DEBUG: CAddonSettings[plugin.video.youtube]: loading setting definitions
23:09:55.018 T:139695796979456 DEBUG: CAddonSettings[plugin.video.youtube]: trying to load setting definitions from old format...
23:09:55.020 T:139695796979456 DEBUG: CAddonSettings[plugin.video.youtube]: loading setting values
23:09:55.031 T:139695796979456 DEBUG: CAddonSettings[plugin.video.youtube]: loading setting definitions
23:09:55.031 T:139695796979456 DEBUG: CAddonSettings[plugin.video.youtube]: trying to load setting definitions from old format...
23:09:55.033 T:139695796979456 DEBUG: CAddonSettings[plugin.video.youtube]: loading setting values
23:09:55.034 T:139694742431488 DEBUG: -->Python Interpreter Initialized<--
23:09:55.034 T:139694742431488 DEBUG: CPythonInvoker(5, /storage/.kodi/addons/script.advanced.wol/autostart.py): the source file to load is "/storage/.kodi/addons/script.advanced.wol/autostart.py"
23:09:55.035 T:139694734038784 DEBUG: CPythonInvoker(6, /storage/.kodi/addons/plugin.video.netflix/service.py): setting the Python path to /storage/.kodi/addons/plugin.video.netflix:/storage/.kodi/addons/script.module.certifi/lib:/storage/.kodi/addons/script.module.chardet/lib:/storage/.kodi/addons/script.module.idna/lib:/storage/.kodi/addons/script.module.requests/lib:/storage/.kodi/addons/script.module.urllib3/lib:/usr/share/kodi/addons/script.module.pycryptodome/lib:/usr/lib/python27.zip:/usr/lib/python2.7:/usr/lib/python2.7/plat-linux2:/usr/lib/python2.7/lib-tk:/usr/lib/python2.7/lib-old:/usr/lib/python2.7/lib-dynload:/usr/lib/python2.7/site-packages:/usr/lib/python2.7/site-packages/gtk-2.0
23:09:55.035 T:139694734038784 DEBUG: CPythonInvoker(6, /storage/.kodi/addons/plugin.video.netflix/service.py): entering source directory /storage/.kodi/addons/plugin.video.netflix
23:09:55.035 T:139695796979456 NOTICE: [plugin.video.youtube] Startup: detected Krypton (Kodi-18.0), setting DASH_SUPPORT_BUILTIN = False, DASH_SUPPORT_ADDON = True
23:09:55.035 T:139695796979456 INFO: CPythonInvoker(1, /storage/.kodi/addons/plugin.video.youtube/resources/lib/startup.py): script successfully run
23:09:55.035 T:139694734038784 DEBUG: CPythonInvoker(6, /storage/.kodi/addons/plugin.video.netflix/service.py): instantiating addon using automatically obtained id of "plugin.video.netflix" dependent on version 2.25.0 of the xbmc.python api
23:09:55.037 T:139695788586752 DEBUG: CPythonInvoker(2, /storage/.kodi/addons/script.common.plugin.cache/default.py): setting the Python path to /storage/.kodi/addons/script.common.plugin.cache:/usr/lib/python27.zip:/usr/lib/python2.7:/usr/lib/python2.7/plat-linux2:/usr/lib/python2.7/lib-tk:/usr/lib/python2.7/lib-old:/usr/lib/python2.7/lib-dynload:/usr/lib/python2.7/site-packages:/usr/lib/python2.7/site-packages/gtk-2.0
23:09:55.037 T:139695788586752 DEBUG: CPythonInvoker(2, /storage/.kodi/addons/script.common.plugin.cache/default.py): entering source directory /storage/.kodi/addons/script.common.plugin.cache
23:09:55.049 T:139695788586752 DEBUG: CPythonInvoker(2, /storage/.kodi/addons/script.common.plugin.cache/default.py): instantiating addon using automatically obtained id of "script.common.plugin.cache" dependent on version 2.24.0 of the xbmc.python api
23:09:55.061 T:139694742431488 DEBUG: CPythonInvoker(5, /storage/.kodi/addons/script.advanced.wol/autostart.py): setting the Python path to /storage/.kodi/addons/script.advanced.wol:/usr/lib/python27.zip:/usr/lib/python2.7:/usr/lib/python2.7/plat-linux2:/usr/lib/python2.7/lib-tk:/usr/lib/python2.7/lib-old:/usr/lib/python2.7/lib-dynload:/usr/lib/python2.7/site-packages:/usr/lib/python2.7/site-packages/gtk-2.0
23:09:55.062 T:139694742431488 DEBUG: CPythonInvoker(5, /storage/.kodi/addons/script.advanced.wol/autostart.py): entering source directory /storage/.kodi/addons/script.advanced.wol
23:09:55.062 T:139694742431488 DEBUG: CPythonInvoker(5, /storage/.kodi/addons/script.advanced.wol/autostart.py): instantiating addon using automatically obtained id of "script.advanced.wol" dependent on version 2.1.0 of the xbmc.python api
23:09:55.077 T:139695788586752 DEBUG: CAddonSettings[script.common.plugin.cache]: loading setting definitions
23:09:55.077 T:139695788586752 DEBUG: CAddonSettings[script.common.plugin.cache]: trying to load setting definitions from old format...
23:09:55.077 T:139694725646080 DEBUG: -->Python Interpreter Initialized<--
23:09:55.077 T:139694725646080 DEBUG: CPythonInvoker(7, /storage/.kodi/addons/service.sleeptimer/service.py): the source file to load is "/storage/.kodi/addons/service.sleeptimer/service.py"
23:09:55.898 T:139694734038784 DEBUG: CAddonSettings[plugin.video.netflix]: loading setting definitions
23:09:55.898 T:139694734038784 DEBUG: CAddonSettings[plugin.video.netflix]: trying to load setting definitions from old format...
23:09:55.899 T:139694734038784 DEBUG: CAddonSettings[plugin.video.netflix]: loading setting values
23:09:55.899 T:139694734038784 DEBUG: CSettingsManager: requested setting (logging) was not found.
23:09:55.924 T:139694239110912 DEBUG: GetFirstConnectedInterface no connected interface found - requery list
23:09:58.904 T:139694734038784 DEBUG: [Netflix] MSL Data exists. Use old Tokens.
23:09:58.908 T:139694734038784 DEBUG: CAddonSettings[plugin.video.netflix]: loading setting definitions
23:09:58.908 T:139694734038784 DEBUG: CAddonSettings[plugin.video.netflix]: trying to load setting definitions from old format...
23:09:58.909 T:139694734038784 DEBUG: CAddonSettings[plugin.video.netflix]: loading setting values
23:09:58.909 T:139694734038784 DEBUG: CSettingsManager: requested setting (logging) was not found.
