11:00:14.357 T:140244450604800 DEBUG: Thread PeripEventScanner start, auto delete: false
11:00:14.357 T:140244637247168 DEBUG: Loading: libcurl.so.4
11:00:14.368 T:140244618303232 NOTICE: Running database version Addons27
11:00:14.368 T:140244618303232 DEBUG: Initialize, updating databases...
11:00:14.369 T:140244618303232 NOTICE: Running database version ViewModes6
11:00:14.377 T:140244618303232 NOTICE: Running database version Textures13
11:00:14.380 T:140244618303232 NOTICE: Running database version MyMusic60
11:00:14.386 T:140244618303232 NOTICE: Running database version MyVideos107
11:00:14.387 T:140244618303232 NOTICE: Running database version TV29
11:00:14.387 T:140244618303232 NOTICE: Running database version Epg11
11:00:14.388 T:140244618303232 DEBUG: Initialize, updating databases... DONE
11:00:14.389 T:140244637247168 NOTICE: start dvd mediatype detection
11:00:14.389 T:140244575053568 DEBUG: Thread DetectDVDMedia start, auto delete: false
11:00:14.389 T:140244575053568 DEBUG: Compiled with libcdio Version 0.94
11:00:14.390 T:140244637247168 DEBUG: DPMS: supported power-saving modes: SUSPEND OFF STANDBY
11:00:14.390 T:140244575053568 DEBUG: Thread DetectDVDMedia 140244575053568 terminating
11:00:14.408 T:140244637230848 DEBUG: CAnnouncementManager - Announcement: OnClear from xbmc
11:00:14.408 T:140244637230848 DEBUG: GOT ANNOUNCEMENT, type: 2, from xbmc, message OnClear
11:00:14.425 T:140244637247168 INFO: Unloading old skin ...
11:00:14.427 T:140244637247168 INFO: load skin from: /usr/share/kodi/addons/skin.estuary (version: 1.9.16)
11:00:14.427 T:140244637247168 INFO: load fonts for skin...
11:00:14.431 T:140244637247168 INFO: Loading fonts from /usr/share/kodi/addons/skin.estuary/xml/Font.xml
11:00:14.466 T:140244637247168 DEBUG: LocalizeStrings: loaded 132 strings from file /usr/share/kodi/addons/skin.estuary/language/resource.language.en_gb/strings.po
11:00:14.466 T:140244637247168 INFO: Loading skin includes from /usr/share/kodi/addons/skin.estuary/xml/Includes.xml
11:00:14.504 T:140244637247168 INFO: load new skin...
11:00:14.504 T:140244637247168 INFO: Loading user windows, path /usr/share/kodi/addons/skin.estuary/xml
11:00:14.510 T:140244637247168 DEBUG: Load Skin XML: 6.21ms
11:00:14.510 T:140244637247168 INFO: initialize new skin...
11:00:14.510 T:140244637247168 DEBUG: guilib: Fill viewport on change for solving rendering passes
11:00:14.510 T:140244637247168 INFO: Loading skin file: Pointer.xml, load type: LOAD_ON_GUI_INIT
11:00:14.514 T:140244637247168 DEBUG: OpenBundle - Opened bundle /usr/share/kodi/addons/skin.estuary/media/Textures.xbt
11:00:14.515 T:140244637247168 INFO: Loading skin file: DialogVolumeBar.xml, load type: LOAD_ON_GUI_INIT
11:00:14.517 T:140244637247168 INFO: Loading skin file: DialogNotification.xml, load type: LOAD_ON_GUI_INIT
11:00:14.518 T:140244637247168 INFO: Loading skin file: DialogSeekBar.xml, load type: LOAD_ON_GUI_INIT
11:00:14.524 T:140244637247168 INFO: Loading skin file: DialogBusy.xml, load type: LOAD_ON_GUI_INIT
11:00:14.525 T:140244637247168 INFO: Loading skin file: DialogExtendedProgressBar.xml, load type: LOAD_ON_GUI_INIT
11:00:14.527 T:140244637247168 INFO: Loading resource://resource.uisounds.kodi/sounds.xml
11:00:14.559 T:140244637247168 INFO: skin loaded...
11:00:14.559 T:140244637247168 DEBUG: Activating window ID: 12997
11:00:14.559 T:140244637247168 DEBUG: ------ Window Init () ------
11:00:14.559 T:140244637247168 INFO: load splash image: /usr/share/kodi/media/Splash.png
11:00:14.573 T:140244637247168 DEBUG: JSONRPC: JSON schema type definition references an unknown type Setting.Details.Setting
11:00:14.573 T:140244637247168 WARNING: JSONRPC: Could not parse type "Setting.Details.SettingList"
11:00:14.573 T:140244637247168 INFO: JSONRPC: Adding type "Setting.Details.SettingList" to list of incomplete definitions (waiting for "Setting.Details.Setting")
11:00:14.573 T:140244637247168 INFO: JSONRPC: Resolving incomplete types/methods referencing Setting.Details.Setting
11:00:14.594 T:140244637247168 INFO: JSONRPC v8.0.0: Successfully initialized
11:00:14.594 T:140244637247168 DEBUG: ADDON: Starting service addons.
11:00:14.596 T:140243902658304 DEBUG: Thread LanguageInvoker start, auto delete: false
11:00:14.596 T:140243902658304 DEBUG: Previous line repeats 1 times.
11:00:14.596 T:140243902658304 INFO: initializing python engine.
11:00:14.597 T:140243885872896 INFO: Previous line repeats 1 times.
11:00:14.597 T:140243885872896 DEBUG: Thread LanguageInvoker start, auto delete: false
11:00:14.597 T:140244637247168 DEBUG: Activating window ID: 12999
11:00:14.597 T:140244637247168 DEBUG: ------ Window Init (Startup.xml) ------
11:00:14.597 T:140243885872896 INFO: initializing python engine.
11:00:14.597 T:140244637247168 INFO: Loading skin file: Startup.xml, load type: LOAD_EVERY_TIME
11:00:14.597 T:140244637247168 DEBUG: Activating window ID: 10000
11:00:14.597 T:140244637247168 DEBUG: ------ Window Deinit (Startup.xml) ------
11:00:14.598 T:140244637247168 DEBUG: ------ Window Init (Home.xml) ------
11:00:14.598 T:140244637247168 INFO: Loading skin file: Home.xml, load type: KEEP_IN_MEMORY
11:00:14.611 T:140243902658304 DEBUG: CPythonInvoker(0, /storage/.kodi/addons/plugin.program.remote.control.browser/service.py): start processing
11:00:14.611 T:140243894265600 DEBUG: CPythonInvoker(1, /storage/.kodi/addons/script.cu.lrclyrics/default.py): start processing
11:00:14.611 T:140243885872896 DEBUG: CPythonInvoker(2, /storage/.kodi/addons/plugin.video.netflix/service.py): start processing
11:00:14.624 T:140243902658304 DEBUG: -->Python Interpreter Initialized<--
11:00:14.624 T:140243902658304 DEBUG: CPythonInvoker(0, /storage/.kodi/addons/plugin.program.remote.control.browser/service.py): the source file to load is "/storage/.kodi/addons/plugin.program.remote.control.browser/service.py"
11:00:14.632 T:140243902658304 DEBUG: CPythonInvoker(0, /storage/.kodi/addons/plugin.program.remote.control.browser/service.py): setting the Python path to /storage/.kodi/addons/plugin.program.remote.control.browser:/storage/.kodi/addons/script.module.beautifulsoup4/lib:/usr/share/kodi/addons/script.module.pil/lib:/usr/lib/python27.zip:/usr/lib/python2.7:/usr/lib/python2.7/plat-linux2:/usr/lib/python2.7/lib-tk:/usr/lib/python2.7/lib-old:/usr/lib/python2.7/lib-dynload:/usr/lib/python2.7/site-packages:/usr/lib/python2.7/site-packages/gtk-2.0
11:00:14.632 T:140243902658304 DEBUG: CPythonInvoker(0, /storage/.kodi/addons/plugin.program.remote.control.browser/service.py): entering source directory /storage/.kodi/addons/plugin.program.remote.control.browser
11:00:14.632 T:140243885872896 DEBUG: -->Python Interpreter Initialized<--
11:00:14.633 T:140243885872896 DEBUG: CPythonInvoker(2, /storage/.kodi/addons/plugin.video.netflix/service.py): the source file to load is "/storage/.kodi/addons/plugin.video.netflix/service.py"
11:00:14.633 T:140243902658304 DEBUG: CPythonInvoker(0, /storage/.kodi/addons/plugin.program.remote.control.browser/service.py): instantiating addon using automatically obtained id of "plugin.program.remote.control.browser" dependent on version 2.24.0 of the xbmc.python api
11:00:14.665 T:140244637247168 DEBUG: CDirectoryProvider[addons://sources/video/]: refreshing..
11:00:14.666 T:140244637247168 DEBUG: CDirectoryProvider[addons://sources/audio/]: refreshing..
11:00:14.666 T:140244637247168 DEBUG: CDirectoryProvider[addons://sources/executable/]: refreshing..
11:00:14.666 T:140243874629376 DEBUG: Thread JobWorker start, auto delete: true
11:00:14.666 T:140244637247168 DEBUG: CDirectoryProvider[addons://sources/image/]: refreshing..
11:00:14.666 T:140244637247168 DEBUG: CDirectoryProvider[library://video/]: refreshing..
11:00:14.666 T:140244637247168 DEBUG: CDirectoryProvider[sources://video/]: refreshing..
11:00:14.666 T:140243866236672 DEBUG: Thread JobWorker start, auto delete: true
11:00:14.666 T:140244637247168 DEBUG: CDirectoryProvider[special://videoplaylists/]: refreshing..
11:00:14.666 T:140244637247168 DEBUG: CDirectoryProvider[favourites://]: refreshing..
11:00:14.666 T:140244637247168 DEBUG: CDirectoryProvider[sources://pictures/]: refreshing..
11:00:14.675 T:140244637247168 DEBUG: ContextMenuManager: addon menus reloaded.
11:00:14.675 T:140244637247168 INFO: removing tempfiles
11:00:14.676 T:140244637247168 DEBUG: ADDON: Starting service addons.
11:00:14.680 T:140243857843968 DEBUG: Thread LanguageInvoker start, auto delete: false
11:00:14.680 T:140243857843968 INFO: initializing python engine.
11:00:14.681 T:140243857843968 DEBUG: CPythonInvoker(3, /usr/share/kodi/addons/service.libreelec.settings/service.py): start processing
11:00:14.681 T:140243432896256 DEBUG: Thread LanguageInvoker start, auto delete: false
11:00:14.681 T:140243432896256 INFO: initializing python engine.
11:00:14.681 T:140243424503552 DEBUG: Thread LanguageInvoker start, auto delete: false
11:00:14.681 T:140243432896256 DEBUG: CPythonInvoker(5, /storage/.kodi/addons/script.common.plugin.cache/default.py): start processing
11:00:14.681 T:140243424503552 INFO: initializing python engine.
11:00:14.681 T:140243424503552 DEBUG: CPythonInvoker(6, /storage/.kodi/addons/plugin.video.cdapl/check.py): start processing
11:00:14.681 T:140243849451264 DEBUG: Thread LanguageInvoker start, auto delete: false
11:00:14.681 T:140243849451264 INFO: initializing python engine.
11:00:14.681 T:140243849451264 DEBUG: CPythonInvoker(4, /storage/.kodi/addons/plugin.video.youtube/resources/lib/startup.py): start processing
11:00:14.698 T:140244618303232 DEBUG: CMultiPathDirectory::GetDirectory(multipath://special%3a%2f%2fprofile%2fplaylists%2fvideo/special%3a%2f%2fprofile%2fplaylists%2fmixed/)
11:00:14.698 T:140244618303232 DEBUG: Getting Directory (special://profile/playlists/video)
11:00:14.699 T:140244618303232 DEBUG: Getting Directory (special://profile/playlists/mixed)
11:00:14.699 T:140244618303232 DEBUG: CMultiPathDirectory::MergeItems, items = 0
11:00:14.700 T:140244618303232 DEBUG: CFavourites::Load - no system favourites found, skipping
11:00:14.700 T:140244618303232 DEBUG: CFavourites::Load - no userdata favourites found, skipping
11:00:14.702 T:140243874629376 DEBUG: CRecentlyAddedJob::UpdateMusic() - Running RecentlyAdded home screen update
11:00:14.704 T:140244637247168 DEBUG: CRepositoryUpdater: previous update at 12/09/2017
10:58:41 AM, next at 12/10/2017
10:58:41 AM
11:00:14.704 T:140244637247168 NOTICE: initialize done
11:00:14.704 T:140244637247168 NOTICE: Running the application...
11:00:14.704 T:140243416110848 DEBUG: Thread Timer start, auto delete: false
11:00:14.704 T:140244637247168 DEBUG: no profile autoexec.py (/storage/.kodi/userdata/autoexec.py) found, skipping
11:00:14.704 T:140244637247168 DEBUG: NetworkMessage - Starting network services
11:00:14.707 T:140244637247168 DEBUG: CZeroconfAvahi::clientCallback: client is up and running
11:00:14.707 T:140244637247168 NOTICE: starting zeroconf publishing
11:00:14.707 T:140244637247168 NOTICE: CWebServer[8080]: Started
11:00:14.707 T:140244637247168 NOTICE: starting upnp client
11:00:14.710 T:140244637247168 DEBUG: GetFirstConnectedInterface no connected interface found - requery list
11:00:14.733 T:140243874629376 DEBUG: GetRecentlyAddedAlbumSongs() query: SELECT songview.*, songartistview.* FROM (SELECT idAlbum FROM album ORDER BY idAlbum DESC LIMIT 10) AS recentalbums JOIN songview ON songview.idAlbum = recentalbums.idAlbum JOIN songartistview ON songview.idSong = songartistview.idSong ORDER BY songview.idAlbum DESC, songview.idSong, songartistview.idRole, songartistview.iOrder
11:00:14.734 T:140244637247168 INFO: JSONRPC Server: Successfully initialized
11:00:14.734 T:140244637247168 DEBUG: GetFirstConnectedInterface no connected interface found - requery list
11:00:14.734 T:140244637247168 DEBUG: SECTION:LoadDLL(libshairplay.so.0)
11:00:14.735 T:140244637247168 DEBUG: Loading: libshairplay.so.0
11:00:14.737 T:140243013457664 DEBUG: Thread EventServer start, auto delete: false
11:00:14.737 T:140243013457664 NOTICE: ES: Starting UDP Event server on port 9777
11:00:14.737 T:140243013457664 NOTICE: UDP: Listening on port 9777 (ipv6 : false)
11:00:14.739 T:140243005064960 DEBUG: Thread TCPServer start, auto delete: false
11:00:14.739 T:140243874629376 DEBUG: GetRecentlyAddedAlbums query: SELECT albumview.*, albumartistview.* FROM (SELECT idAlbum FROM album WHERE strAlbum != '' ORDER BY idAlbum DESC LIMIT 10) AS recentalbums JOIN albumview ON albumview.idAlbum = recentalbums.idAlbum JOIN albumartistview ON albumview.idAlbum = albumartistview.idAlbum ORDER BY albumview.idAlbum desc, albumartistview.iOrder
11:00:14.739 T:140244637247168 DEBUG: GetFirstConnectedInterface no connected interface found - requery list
11:00:14.740 T:140244637247168 INFO: AIRPLAY: Cleaning up photoassetcache
11:00:14.740 T:140244637247168 INFO: AIRPLAY Server: Successfully initialized
11:00:14.740 T:140244637247168 DEBUG: GetFirstConnectedInterface no connected interface found - requery list
11:00:14.741 T:140242988279552 DEBUG: Thread AirPlayServer start, auto delete: false
11:00:14.744 T:140244618303232 DEBUG: CZeroconfAvahi::doPublishService identifier: servers.webserver type: _http._tcp name:Kodi (TV-Player) port:8080
11:00:14.744 T:140244618303232 DEBUG: CZeroconfAvahi::addService() named: Kodi (TV-Player) type: _http._tcp port:8080
11:00:14.745 T:140243866236672 DEBUG: CZeroconfAvahi::doPublishService identifier: servers.jsonrpc-http type: _xbmc-jsonrpc-h._tcp name:Kodi (TV-Player) port:8080
11:00:14.747 T:140244618303232 DEBUG: CZeroconfAvahi::doPublishService identifier: servers.jsonrpc-tpc type: _xbmc-jsonrpc._tcp name:Kodi (TV-Player) port:9090
11:00:14.747 T:140243866236672 DEBUG: CZeroconfAvahi::addService() named: Kodi (TV-Player) type: _xbmc-jsonrpc-h._tcp port:8080
11:00:14.748 T:140243866236672 DEBUG: CZeroconfAvahi::doPublishService identifier: servers.eventserver type: _xbmc-events._udp name:Kodi (TV-Player) port:9777
11:00:14.748 T:140244618303232 DEBUG: CZeroconfAvahi::addService() named: Kodi (TV-Player) type: _xbmc-jsonrpc._tcp port:9090
11:00:14.750 T:140244618303232 DEBUG: CZeroconfAvahi::doPublishService identifier: servers.airtunes type: _raop._tcp name:000102030405@Kodi (TV-Player) port:36666
11:00:14.750 T:140243866236672 DEBUG: CZeroconfAvahi::addService() named: Kodi (TV-Player) type: _xbmc-events._udp port:9777
11:00:14.751 T:140243866236672 DEBUG: CZeroconfAvahi::doPublishService identifier: servers.airplay type: _airplay._tcp name:Kodi (TV-Player) port:36667
11:00:14.751 T:140244618303232 DEBUG: CZeroconfAvahi::addService() named: 000102030405@Kodi (TV-Player) type: _raop._tcp port:36666
11:00:14.752 T:140243885872896 DEBUG: CPythonInvoker(2, /storage/.kodi/addons/plugin.video.netflix/service.py): setting the Python path to /storage/.kodi/addons/plugin.video.netflix:/storage/.kodi/addons/script.module.certifi/lib:/storage/.kodi/addons/script.module.chardet/lib:/storage/.kodi/addons/script.module.idna/lib:/storage/.kodi/addons/script.module.requests/lib:/storage/.kodi/addons/script.module.urllib3/lib:/usr/lib/python27.zip:/usr/lib/python2.7:/usr/lib/python2.7/plat-linux2:/usr/lib/python2.7/lib-tk:/usr/lib/python2.7/lib-old:/usr/lib/python2.7/lib-dynload:/usr/lib/python2.7/site-packages:/usr/lib/python2.7/site-packages/gtk-2.0
11:00:14.752 T:140243885872896 DEBUG: CPythonInvoker(2, /storage/.kodi/addons/plugin.video.netflix/service.py): entering source directory /storage/.kodi/addons/plugin.video.netflix
11:00:14.753 T:140243866236672 DEBUG: CZeroconfAvahi::addService() named: Kodi (TV-Player) type: _airplay._tcp port:36667
11:00:14.760 T:140243885872896 DEBUG: CPythonInvoker(2, /storage/.kodi/addons/plugin.video.netflix/service.py): instantiating addon using automatically obtained id of "plugin.video.netflix" dependent on version 2.25.0 of the xbmc.python api
11:00:14.774 T:140243894265600 DEBUG: -->Python Interpreter Initialized<--
11:00:14.774 T:140243894265600 DEBUG: CPythonInvoker(1, /storage/.kodi/addons/script.cu.lrclyrics/default.py): the source file to load is "/storage/.kodi/addons/script.cu.lrclyrics/default.py"
11:00:14.838 T:140244637247168 DEBUG: ------ Window Init () ------
11:00:14.841 T:140243874629376 DEBUG: CRecentlyAddedJob::UpdateVideos() - Running RecentlyAdded home screen update
11:00:14.850 T:140243874629376 DEBUG: RunQuery took 1 ms for 0 items query: select * from movie_view ORDER BY dateAdded desc, idMovie desc LIMIT 10
11:00:14.852 T:140243874629376 DEBUG: RunQuery took 1 ms for 0 items query: select * from episode_view ORDER BY dateAdded desc, idEpisode desc LIMIT 10
11:00:14.853 T:140243874629376 DEBUG: RunQuery took 1 ms for 0 items query: select * from musicvideo_view ORDER BY dateAdded desc, idMVideo desc LIMIT 10
11:00:14.854 T:140243874629376 DEBUG: CRecentlyAddedJob::UpdateTotal() - Running RecentlyAdded home screen update
11:00:14.856 T:140243874629376 DEBUG: GetArtistsByWhere query: SELECT COUNT(DISTINCT artistview.idArtist) FROM artistview WHERE ((EXISTS (SELECT 1 FROM song_artist WHERE song_artist.idArtist = artistview.idArtist AND song_artist.idRole = 1) OR EXISTS (SELECT 1 FROM album_artist WHERE album_artist.idArtist = artistview.idArtist)) AND (artistview.strArtist != '')) AND (artistview.strArtist <> 'Various artists')
11:00:14.882 T:140243902658304 DEBUG: Missing Python package: pyalsaaudio
11:00:14.903 T:140243902658304 DEBUG: Missing Python package: psutil
11:00:14.903 T:140243849451264 DEBUG: -->Python Interpreter Initialized<--
11:00:14.903 T:140243849451264 DEBUG: CPythonInvoker(4, /storage/.kodi/addons/plugin.video.youtube/resources/lib/startup.py): the source file to load is "/storage/.kodi/addons/plugin.video.youtube/resources/lib/startup.py"
11:00:14.903 T:140243894265600 DEBUG: CPythonInvoker(1, /storage/.kodi/addons/script.cu.lrclyrics/default.py): setting the Python path to /storage/.kodi/addons/script.cu.lrclyrics:/storage/.kodi/addons/script.module.beautifulsoup4/lib:/storage/.kodi/addons/script.module.chardet/lib:/usr/lib/python27.zip:/usr/lib/python2.7:/usr/lib/python2.7/plat-linux2:/usr/lib/python2.7/lib-tk:/usr/lib/python2.7/lib-old:/usr/lib/python2.7/lib-dynload:/usr/lib/python2.7/site-packages:/usr/lib/python2.7/site-packages/gtk-2.0
11:00:14.903 T:140243894265600 DEBUG: CPythonInvoker(1, /storage/.kodi/addons/script.cu.lrclyrics/default.py): entering source directory /storage/.kodi/addons/script.cu.lrclyrics
11:00:14.910 T:140243894265600 DEBUG: CPythonInvoker(1, /storage/.kodi/addons/script.cu.lrclyrics/default.py): instantiating addon using automatically obtained id of "script.cu.lrclyrics" dependent on version 2.25.0 of the xbmc.python api
11:00:14.914 T:140243885872896 ERROR: EXCEPTION Thrown (PythonToCppException) : -->Python callback/script returned the following error<-- - NOTE: IGNORING THIS CAN LEAD TO MEMORY LEAKS! Error Type: Error Contents: No module named Cryptodome
Traceback (most recent call last): File "/storage/.kodi/addons/plugin.video.netflix/service.py", line 14, in from resources.lib.KodiHelper import KodiHelper
File "/storage/.kodi/addons/plugin.video.netflix/resources/lib/KodiHelper.py", line 13, in from Cryptodome import Random ImportError: No module named Cryptodome -->End of Python script error report<--
11:00:14.916 T:140243885872896 INFO: Python script stopped
11:00:14.916 T:140243885872896 DEBUG: Thread LanguageInvoker 140243885872896 terminating
11:00:14.917 T:140243857843968 DEBUG: -->Python Interpreter Initialized<--
11:00:14.917 T:140243857843968 DEBUG: CPythonInvoker(3, /usr/share/kodi/addons/service.libreelec.settings/service.py): the source file to load is "/usr/share/kodi/addons/service.libreelec.settings/service.py"
11:00:14.917 T:140243902658304 DEBUG: Missing Python package: pylirc2
11:00:14.919 T:140243424503552 DEBUG: -->Python Interpreter Initialized<--
11:00:14.919 T:140243424503552 DEBUG: CPythonInvoker(6, /storage/.kodi/addons/plugin.video.cdapl/check.py): the source file to load is "/storage/.kodi/addons/plugin.video.cdapl/check.py"
11:00:14.920 T:140243849451264 DEBUG: CPythonInvoker(4, /storage/.kodi/addons/plugin.video.youtube/resources/lib/startup.py): setting the Python path to /storage/.kodi/addons/plugin.video.youtube/resources/lib:/storage/.kodi/addons/script.module.certifi/lib:/storage/.kodi/addons/script.module.chardet/lib:/storage/.kodi/addons/script.module.idna/lib:/storage/.kodi/addons/script.module.requests/lib:/storage/.kodi/addons/script.module.urllib3/lib:/usr/lib/python27.zip:/usr/lib/python2.7:/usr/lib/python2.7/plat-linux2:/usr/lib/python2.7/lib-tk:/usr/lib/python2.7/lib-old:/usr/lib/python2.7/lib-dynload:/usr/lib/python2.7/site-packages:/usr/lib/python2.7/site-packages/gtk-2.0
11:00:14.920 T:140243849451264 DEBUG: CPythonInvoker(4, /storage/.kodi/addons/plugin.video.youtube/resources/lib/startup.py): entering source directory /storage/.kodi/addons/plugin.video.youtube/resources/lib
11:00:14.920 T:140243432896256 DEBUG: -->Python Interpreter Initialized<--
11:00:14.920 T:140243432896256 DEBUG: CPythonInvoker(5, /storage/.kodi/addons/script.common.plugin.cache/default.py): the source file to load is "/storage/.kodi/addons/script.common.plugin.cache/default.py"
11:00:14.920 T:140243849451264 DEBUG: CPythonInvoker(4, /storage/.kodi/addons/plugin.video.youtube/resources/lib/startup.py): instantiating addon using automatically obtained id of "plugin.video.youtube" dependent on version 2.19.0 of the xbmc.python api
11:00:14.921 T:140243857843968 DEBUG: CPythonInvoker(3, /usr/share/kodi/addons/service.libreelec.settings/service.py): setting the Python path to /usr/share/kodi/addons/service.libreelec.settings:/usr/lib/python27.zip:/usr/lib/python2.7:/usr/lib/python2.7/plat-linux2:/usr/lib/python2.7/lib-tk:/usr/lib/python2.7/lib-old:/usr/lib/python2.7/lib-dynload:/usr/lib/python2.7/site-packages:/usr/lib/python2.7/site-packages/gtk-2.0
11:00:14.921 T:140243857843968 DEBUG: CPythonInvoker(3, /usr/share/kodi/addons/service.libreelec.settings/service.py): entering source directory /usr/share/kodi/addons/service.libreelec.settings
11:00:14.921 T:140243857843968 DEBUG: CPythonInvoker(3, /usr/share/kodi/addons/service.libreelec.settings/service.py): instantiating addon using automatically obtained id of "service.libreelec.settings" dependent on version 2.1.0 of the xbmc.python api
11:00:14.924 T:140244637247168 DEBUG: ------ Window Init (DialogNotification.xml) ------
11:00:14.927 T:140243424503552 DEBUG: CPythonInvoker(6, /storage/.kodi/addons/plugin.video.cdapl/check.py): setting the Python path to /storage/.kodi/addons/plugin.video.cdapl:/storage/.kodi/addons/script.common.plugin.cache/lib:/storage/.kodi/addons/script.module.ramic/lib:/usr/lib/python27.zip:/usr/lib/python2.7:/usr/lib/python2.7/plat-linux2:/usr/lib/python2.7/lib-tk:/usr/lib/python2.7/lib-old:/usr/lib/python2.7/lib-dynload:/usr/lib/python2.7/site-packages:/usr/lib/python2.7/site-packages/gtk-2.0
11:00:14.927 T:140243424503552 DEBUG: CPythonInvoker(6, /storage/.kodi/addons/plugin.video.cdapl/check.py): entering source directory /storage/.kodi/addons/plugin.video.cdapl
11:00:14.938 T:140243424503552 DEBUG: CPythonInvoker(6, /storage/.kodi/addons/plugin.video.cdapl/check.py): instantiating addon using automatically obtained id of "plugin.video.cdapl" dependent on version 2.1.0 of the xbmc.python api
11:00:15.033 T:140243857843968 DEBUG: ## LibreELEC Addon ## 8.2.0
11:00:15.034 T:140243857843968 WARNING: CSkinInfo: failed to load skin settings
11:00:15.189 T:140244637247168 DEBUG: LogindUPowerSyscall - Received unknown signal NameAcquired
11:00:15.285 T:140243849451264 DEBUG: [plugin.video.youtube] YouTube settings startup initialization...
11:00:15.286 T:140243432896256 DEBUG: CPythonInvoker(5, /storage/.kodi/addons/script.common.plugin.cache/default.py): setting the Python path to /storage/.kodi/addons/script.common.plugin.cache:/usr/lib/python27.zip:/usr/lib/python2.7:/usr/lib/python2.7/plat-linux2:/usr/lib/python2.7/lib-tk:/usr/lib/python2.7/lib-old:/usr/lib/python2.7/lib-dynload:/usr/lib/python2.7/site-packages:/usr/lib/python2.7/site-packages/gtk-2.0
11:00:15.286 T:140243432896256 DEBUG: CPythonInvoker(5, /storage/.kodi/addons/script.common.plugin.cache/default.py): entering source directory /storage/.kodi/addons/script.common.plugin.cache
11:00:15.287 T:140243432896256 DEBUG: CPythonInvoker(5, /storage/.kodi/addons/script.common.plugin.cache/default.py): instantiating addon using automatically obtained id of "script.common.plugin.cache" dependent on version 2.24.0 of the xbmc.python api
11:00:15.289 T:140243902658304 DEBUG: Generating default addon settings
11:00:15.303 T:140243849451264 NOTICE: [plugin.video.youtube] Startup: detected Krypton (Kodi-17.6), setting DASH_SUPPORT_BUILTIN = False, DASH_SUPPORT_ADDON = True
11:00:15.303 T:140243849451264 INFO: CPythonInvoker(4, /storage/.kodi/addons/plugin.video.youtube/resources/lib/startup.py): script successfully run
11:00:15.417 T:140243849451264 INFO: Python script stopped
11:00:15.417 T:140243849451264 DEBUG: Thread LanguageInvoker 140243849451264 terminating
11:00:15.547 T:140243432896256 DEBUG: StorageServer Module loaded RUN
11:00:15.547 T:140243432896256 DEBUG: StorageClient-2.5.4 Starting server
11:00:15.566 T:140243902658304 DEBUG: Linkcast is enabled: False
11:00:15.600 T:140243407718144 DEBUG: CZeroconfAvahi::groupCallback: Service successfully established
11:00:15.602 T:140243424503552 DEBUG: [CDA.PL Service]: Is not running
11:00:15.602 T:140243424503552 INFO: CPythonInvoker(6, /storage/.kodi/addons/plugin.video.cdapl/check.py): script successfully run
11:00:15.603 T:140243407718144 DEBUG: CZeroconfAvahi::groupCallback: Service successfully established
11:00:15.604 T:140243424503552 DEBUG: Previous line repeats 1 times.
11:00:15.604 T:140243424503552 INFO: Python script stopped
11:00:15.604 T:140243424503552 DEBUG: Thread LanguageInvoker 140243424503552 terminating
11:00:15.606 T:140243407718144 DEBUG: CZeroconfAvahi::groupCallback: Service successfully established
11:00:15.860 T:140243857843968 DEBUG: Previous line repeats 2 times.
11:00:15.860 T:140243857843968 ERROR: ## LibreELEC Addon ## oe::load_url(http://releases.libreelec.tv/releases.json) ## ERROR: (URLError(gaierror(-3, 'Temporary failure in name resolution'),))
11:00:15.860 T:140243857843968 ERROR: Traceback (most recent call last): File "/home/chewitt/LibreELEC.82-images/build.LibreELEC-Generic.x86_64-8.2.1/LibreELEC-settings-12c5f24/.install_pkg/usr/share/kodi/addons/service.libreelec.settings/oe.py", line 271, in load_url
File "/usr/lib/python2.7/urllib2.py", line 154, in urlopen
File "/usr/lib/python2.7/urllib2.py", line 429, in open
File "/usr/lib/python2.7/urllib2.py", line 447, in _open
File "/usr/lib/python2.7/urllib2.py", line 407, in _call_chain
File "/usr/lib/python2.7/urllib2.py", line 1228, in http_open
File "/usr/lib/python2.7/urllib2.py", line 1198, in do_open URLError:
11:00:15.860 T:140243857843968 INFO: ## LibreELEC Addon ## system::set_hostname ## TV-Player
11:00:15.861 T:140243857843968 INFO: ## LibreELEC Addon ## system::set_keyboard_layout ## us,us -model pc105
11:00:15.919 T:140243857843968 INFO: ## LibreELEC Addon ## system::updateThread ## Started
11:00:15.919 T:140243857843968 INFO: ## LibreELEC Addon ## system::set_auto_update ## auto
11:00:15.943 T:140243424503552 ERROR: ## LibreELEC Addon ## oe::load_url(https://update.libreelec.tv/updates.php?i=62e2920557cf56e1cacd292f45e3b91c&d=LibreELEC&pa=Generic.x86_64&v=8.2.1&l=1 ) ## ERROR: (URLError(gaierror(-3, 'Temporary failure in name resolution'),))
11:00:15.943 T:140243424503552 ERROR: Traceback (most recent call last): File "/home/chewitt/LibreELEC.82-images/build.LibreELEC-Generic.x86_64-8.2.1/LibreELEC-settings-12c5f24/.install_pkg/usr/share/kodi/addons/service.libreelec.settings/oe.py", line 271, in load_url
File "/usr/lib/python2.7/urllib2.py", line 154, in urlopen
File "/usr/lib/python2.7/urllib2.py", line 429, in open
File "/usr/lib/python2.7/urllib2.py", line 447, in _open
File "/usr/lib/python2.7/urllib2.py", line 407, in _call_chain
File "/usr/lib/python2.7/urllib2.py", line 1241, in https_open
File "/usr/lib/python2.7/urllib2.py", line 1198, in do_open URLError:
11:00:15.944 T:140243424503552 ERROR: ## LibreELEC Addon ## system::check_updates_v2 ## ERROR: (TypeError('expected string or buffer',))
11:00:15.944 T:140243424503552 ERROR: Traceback (most recent call last): File "/home/chewitt/LibreELEC.82-images/build.LibreELEC-Generic.x86_64-8.2.1/LibreELEC-settings-12c5f24/.install_pkg/usr/share/kodi/addons/service.libreelec.settings/resources/lib/modules/system.py", line 768, in check_updates_v2
File "/usr/lib/python2.7/json/__init__.py", line 339, in loads
File "/usr/lib/python2.7/json/decoder.py", line 364, in decode TypeError: expected string or buffer
11:00:15.953 T:140243885872896 INFO: ## LibreELEC Addon ## _service_::run ## WAITING:
11:00:15.960 T:140243849451264 INFO: ## LibreELEC Addon ## xdbus Monitor started. ##
11:00:20.679 T:140244637247168 DEBUG: ------ Window Deinit (DialogNotification.xml) ------
11:00:26.147 T:140244637247168 DEBUG: LIRC: Update - NEW at 12464:67 0 KEY_UP devinput (KEY_UP)
11:00:26.310 T:140244637247168 DEBUG: OnKey: 166 (0xa6, obc89) pressed, action is Up
11:00:26.528 T:140244637247168 DEBUG: LIRC: Update - NEW at 12845:67 0 KEY_UP devinput (KEY_UP)
11:00:26.528 T:140244637247168 DEBUG: OnKey: 166 (0xa6, obc89) pressed, action is Up
11:00:27.449 T:140244637247168 DEBUG: LIRC: Update - NEW at 13766:6c 0 KEY_DOWN devinput (KEY_DOWN)
11:00:27.449 T:140244637247168 DEBUG: OnKey: 167 (0xa7, obc88) pressed, action is Down
11:00:27.998 T:140244637247168 DEBUG: LIRC: Update - NEW at 14315:6a 0 KEY_RIGHT devinput (KEY_RIGHT)
11:00:27.999 T:140244637247168 DEBUG: OnKey: 168 (0xa8, obc87) pressed, action is Right
11:00:29.074 T:140244637247168 DEBUG: LIRC: Update - NEW at 15390:1c 0 KEY_ENTER devinput (KEY_ENTER)
11:00:29.074 T:140244637247168 DEBUG: OnKey: 11 (0x0b, obc244) pressed, action is Select
11:00:29.075 T:140244637247168 DEBUG: Activating window ID: 10004
11:00:29.383 T:140244637247168 DEBUG: ------ Window Deinit (Home.xml) ------
11:00:29.383 T:140244637247168 DEBUG: ------ Window Init (Settings.xml) ------
11:00:29.383 T:140244637247168 INFO: Loading skin file: Settings.xml, load type: KEEP_IN_MEMORY
11:00:30.709 T:140244637247168 DEBUG: LIRC: Update - NEW at 17025:6c 0 KEY_DOWN devinput (KEY_DOWN)
11:00:30.709 T:140244637247168 DEBUG: OnKey: 167 (0xa7, obc88) pressed, action is Down
11:00:32.062 T:140244637247168 DEBUG: LIRC: Update - NEW at 18377:6c 0 KEY_DOWN devinput (KEY_DOWN)
11:00:32.062 T:140244637247168 DEBUG: OnKey: 167 (0xa7, obc88) pressed, action is Down
11:00:32.745 T:140244637247168 DEBUG: LIRC: Update - NEW at 19060:1c 0 KEY_ENTER devinput (KEY_ENTER)
11:00:32.745 T:140244637247168 DEBUG: OnKey: 11 (0x0b, obc244) pressed, action is Select
11:00:32.747 T:140242681161472 DEBUG: Thread LanguageInvoker start, auto delete: false
11:00:32.747 T:140242681161472 INFO: initializing python engine.
11:00:32.747 T:140242681161472 DEBUG: CPythonInvoker(7, /usr/share/kodi/addons/service.libreelec.settings/default.py): start processing
11:00:32.764 T:140242681161472 DEBUG: -->Python Interpreter Initialized<--
11:00:32.764 T:140242681161472 DEBUG: CPythonInvoker(7, /usr/share/kodi/addons/service.libreelec.settings/default.py): the source file to load is "/usr/share/kodi/addons/service.libreelec.settings/default.py"
11:00:32.764 T:140242681161472 DEBUG: CPythonInvoker(7, /usr/share/kodi/addons/service.libreelec.settings/default.py): setting the Python path to /usr/share/kodi/addons/service.libreelec.settings:/usr/lib/python27.zip:/usr/lib/python2.7:/usr/lib/python2.7/plat-linux2:/usr/lib/python2.7/lib-tk:/usr/lib/python2.7/lib-old:/usr/lib/python2.7/lib-dynload:/usr/lib/python2.7/site-packages:/usr/lib/python2.7/site-packages/gtk-2.0
11:00:32.764 T:140242681161472 DEBUG: CPythonInvoker(7, /usr/share/kodi/addons/service.libreelec.settings/default.py): entering source directory /usr/share/kodi/addons/service.libreelec.settings
11:00:32.764 T:140242681161472 DEBUG: CPythonInvoker(7, /usr/share/kodi/addons/service.libreelec.settings/default.py): instantiating addon using automatically obtained id of "service.libreelec.settings" dependent on version 2.1.0 of the xbmc.python api
11:00:32.769 T:140242681161472 INFO: CPythonInvoker(7, /usr/share/kodi/addons/service.libreelec.settings/default.py): script successfully run
11:00:32.840 T:140242681161472 INFO: Python script stopped
11:00:32.840 T:140242681161472 DEBUG: Thread LanguageInvoker 140242681161472 terminating
11:00:32.840 T:140243885872896 INFO: ## LibreELEC Addon ## _service_::run ## MESSAGE:'openConfigurationWindow'
11:00:32.840 T:140242681161472 WARNING: CSkinInfo: failed to load skin settings
11:00:32.846 T:140244637247168 DEBUG: ------ Window Init (/usr/share/kodi/addons/service.libreelec.settings/resources/skins/Default/1080i/service-LibreELEC-Settings-mainWindow.xml) ------
11:00:32.846 T:140244637247168 INFO: Loading skin file: /usr/share/kodi/addons/service.libreelec.settings/resources/skins/Default/1080i/service-LibreELEC-Settings-mainWindow.xml, load type: LOAD_ON_GUI_INIT
11:00:32.855 T:140244637247168 ERROR: Window Translator: Can't find window videolibrary
11:00:32.856 T:140244637247168 WARNING: Label Formating: $VAR[GlobalFanartVar] is not defined
11:00:32.876 T:140244637247168 DEBUG: CGUIMediaWindow::GetDirectory ()
11:00:32.876 T:140244637247168 DEBUG: ParentPath = []
11:00:32.881 T:140244637247168 ERROR: Control 1000 in window 13001 has been asked to focus, but it can't
11:00:32.882 T:140243885872896 INFO: ## LibreELEC Addon ## _service_::run ## WAITING:
11:00:32.939 T:140244637247168 DEBUG: Activating window ID: 10138
11:00:32.939 T:140244637247168 DEBUG: ------ Window Init (DialogBusy.xml) ------
11:00:33.058 T:140244637247168 DEBUG: ------ Window Deinit (DialogBusy.xml) ------
11:00:34.201 T:140244637247168 DEBUG: LIRC: Update - NEW at 20515:6c 0 KEY_DOWN devinput (KEY_DOWN)
11:00:34.201 T:140244637247168 DEBUG: OnKey: 167 (0xa7, obc88) pressed, action is Down
11:00:34.265 T:140244637247168 DEBUG: Activating window ID: 10138
11:00:34.265 T:140244637247168 DEBUG: ------ Window Init (DialogBusy.xml) ------
11:00:34.330 T:140244637247168 DEBUG: ------ Window Deinit (DialogBusy.xml) ------
11:00:34.830 T:140244637247168 DEBUG: LIRC: Update - NEW at 21144:6c 0 KEY_DOWN devinput (KEY_DOWN)
11:00:34.830 T:140244637247168 DEBUG: OnKey: 167 (0xa7, obc88) pressed, action is Down
11:00:34.897 T:140244637247168 DEBUG: Activating window ID: 10138
11:00:34.897 T:140244637247168 DEBUG: ------ Window Init (DialogBusy.xml) ------
11:00:34.930 T:140244637247168 DEBUG: [Warning] CGUITextureManager::GetTexturePath: could not find texture 'lists/separator.png'
11:00:34.966 T:140244637247168 DEBUG: ------ Window Deinit (DialogBusy.xml) ------
11:00:44.874 T:140243866236672 DEBUG: Thread JobWorker 140243866236672 terminating (autodelete)
11:00:44.874 T:140244618303232 DEBUG: Thread JobWorker 140244618303232 terminating (autodelete)
11:00:44.874 T:140243874629376 DEBUG: Thread JobWorker 140243874629376 terminating (autodelete)
11:00:49.558 T:140244637247168 DEBUG: LIRC: Update - NEW at 35867:6c 0 KEY_DOWN devinput (KEY_DOWN)
11:00:49.558 T:140244637247168 DEBUG: OnKey: 167 (0xa7, obc88) pressed, action is Down
11:00:52.211 T:140244637247168 DEBUG: LIRC: Update - NEW at 38519:6c 0 KEY_DOWN devinput (KEY_DOWN)
11:00:52.211 T:140244637247168 DEBUG: OnKey: 167 (0xa7, obc88) pressed, action is Down
11:00:52.791 T:140244637247168 DEBUG: LIRC: Update - NEW at 39099:6c 0 KEY_DOWN devinput (KEY_DOWN)
11:00:52.791 T:140244637247168 DEBUG: OnKey: 167 (0xa7, obc88) pressed, action is Down
11:00:55.263 T:140244637247168 DEBUG: LIRC: Update - NEW at 41571:ae 0 KEY_EXIT devinput (KEY_EXIT)
11:00:55.264 T:140244637247168 DEBUG: OnKey: menu (0xd8) pressed, action is Back
11:00:55.637 T:140244637247168 DEBUG: ------ Window Deinit (/usr/share/kodi/addons/service.libreelec.settings/resources/skins/Default/1080i/service-LibreELEC-Settings-mainWindow.xml) ------
11:00:56.226 T:140244637247168 DEBUG: LIRC: Update - NEW at 42533:ae 0 KEY_EXIT devinput (KEY_EXIT)
11:00:56.226 T:140244637247168 DEBUG: OnKey: menu (0xd8) pressed, action is PreviousMenu
11:00:56.226 T:140244637247168 DEBUG: CGUIWindowManager::PreviousWindow: Deactivate
11:00:56.550 T:140244637247168 DEBUG: ------ Window Deinit (Settings.xml) ------
11:00:56.550 T:140244637247168 DEBUG: CGUIWindowManager::PreviousWindow: Activate new
11:00:56.550 T:140244637247168 DEBUG: ------ Window Init (Home.xml) ------
11:01:49.002 T:140244637247168 NOTICE: Samba is idle. Closing the remaining connections